{"id":8551,"date":"2026-01-29T13:44:27","date_gmt":"2026-01-29T12:44:27","guid":{"rendered":"https:\/\/heimatverein-nieder-roden.de\/?page_id=8551"},"modified":"2026-01-29T15:08:57","modified_gmt":"2026-01-29T14:08:57","slug":"gugg-emol","status":"publish","type":"page","link":"https:\/\/heimatverein-nieder-roden.de\/?page_id=8551","title":{"rendered":"Gugg emol"},"content":{"rendered":"<div class=\"wp-block-image is-style-default\">\n<figure class=\"alignright size-large is-resized\"><img decoding=\"async\" width=\"1024\" height=\"768\" src=\"https:\/\/heimatverein-nieder-roden.de\/wp-content\/uploads\/2023\/07\/2023-07-09_14-43-30_AKHNR_Museumsoeffnung-2023-07-09-MiMh-Hitzeausfall_FMA_IMG_20230709_144330-1024x768.jpg\" alt=\"\" class=\"wp-image-5332\" style=\"aspect-ratio:1.3333502576730725;width:375px;height:auto\" srcset=\"https:\/\/heimatverein-nieder-roden.de\/wp-content\/uploads\/2023\/07\/2023-07-09_14-43-30_AKHNR_Museumsoeffnung-2023-07-09-MiMh-Hitzeausfall_FMA_IMG_20230709_144330-1024x768.jpg 1024w, https:\/\/heimatverein-nieder-roden.de\/wp-content\/uploads\/2023\/07\/2023-07-09_14-43-30_AKHNR_Museumsoeffnung-2023-07-09-MiMh-Hitzeausfall_FMA_IMG_20230709_144330-300x225.jpg 300w, https:\/\/heimatverein-nieder-roden.de\/wp-content\/uploads\/2023\/07\/2023-07-09_14-43-30_AKHNR_Museumsoeffnung-2023-07-09-MiMh-Hitzeausfall_FMA_IMG_20230709_144330-768x576.jpg 768w, https:\/\/heimatverein-nieder-roden.de\/wp-content\/uploads\/2023\/07\/2023-07-09_14-43-30_AKHNR_Museumsoeffnung-2023-07-09-MiMh-Hitzeausfall_FMA_IMG_20230709_144330-1536x1152.jpg 1536w, https:\/\/heimatverein-nieder-roden.de\/wp-content\/uploads\/2023\/07\/2023-07-09_14-43-30_AKHNR_Museumsoeffnung-2023-07-09-MiMh-Hitzeausfall_FMA_IMG_20230709_144330-2048x1536.jpg 2048w, https:\/\/heimatverein-nieder-roden.de\/wp-content\/uploads\/2023\/07\/2023-07-09_14-43-30_AKHNR_Museumsoeffnung-2023-07-09-MiMh-Hitzeausfall_FMA_IMG_20230709_144330-836x627.jpg 836w, https:\/\/heimatverein-nieder-roden.de\/wp-content\/uploads\/2023\/07\/2023-07-09_14-43-30_AKHNR_Museumsoeffnung-2023-07-09-MiMh-Hitzeausfall_FMA_IMG_20230709_144330-560x420.jpg 560w\" sizes=\"(max-width: 1024px) 100vw, 1024px\" \/><figcaption class=\"wp-element-caption\">Zum <strong>Gugg emol <\/strong>ins Heimatmuseum<br>Eingang: Schulstra\u00dfe 32<\/figcaption><\/figure>\n<\/div>\n\n\n<p><strong>Noch nicht im Verein, aber interessiert?<br>&#8222;Gugg emol&#8220; ist unser neues Format f\u00fcr alle, die den Heimatverein kennenlernen m\u00f6chten.<\/strong><\/p>\n\n\n\n<p>Ein paar Mal pro Jahr m\u00f6chten wir Menschen aus Nieder-Roden und Umgebung einladen, die <\/p>\n\n\n\n<ul class=\"wp-block-list\">\n<li>sich f\u00fcr Ihre Heimat interessieren <\/li>\n\n\n\n<li>mehr \u00fcber Ihre Heimat erfahren m\u00f6chten<\/li>\n\n\n\n<li>sich daf\u00fcr engagieren m\u00f6chten<\/li>\n\n\n\n<li>nicht richtig wissen, wie sie anfangen sollen<\/li>\n\n\n\n<li>sich schon immer mal wissen wollten:<\/li>\n<\/ul>\n\n\n\n<h2 class=\"wp-block-heading\">Was machen die da eigentlich im Heimatverein?<\/h2>\n\n\n\n<p><br>Wir treffen uns in gem\u00fctlicher Atmosph\u00e4re in unserer Museumsstub. An k\u00fchlen Tagen spendet der Ofen wohlige W\u00e4rme. Im Sommer sitzen wir auch schon mal im Hof.<\/p>\n\n\n\n<p>Ein <strong>Gugg emol<\/strong> erm\u00f6glicht den G\u00e4sten den Verein kennenzulernen. <br>Dabei gehen wir auf die G\u00e4ste und ihr Interesse ein:<\/p>\n\n\n\n<h4 class=\"wp-block-heading\">Sie m\u00f6chten einfach mal wissen, was der Heimatverein so macht?<\/h4>\n\n\n\n<p>Dann erz\u00e4hlen wir Ihnen etwas dar\u00fcber!<\/p>\n\n\n\n<h4 class=\"wp-block-heading\">Sie haben ein bestimmtes Thema, dass sie interessiert?<\/h4>\n\n\n\n<p>Gerne stecken wir die K\u00f6pfe zusammen und st\u00f6bern in unseren Erinnerungen.<br>Oft sind unter uns ein paar Experten mit viiiieeeel Erfahrung.<\/p>\n\n\n\n<h4 class=\"wp-block-heading\">Sie haben eine Anregung, die Sie schon immer mal pers\u00f6nlich r\u00fcberbringen wollten?<\/h4>\n\n\n\n<p>Das ist DIE Gelegenheit. Ohne Zwang, ohne Stress &#8211; einfach vorbeikommen.<\/p>\n\n\n\n<h4 class=\"wp-block-heading\">Und was, wenn keine G\u00e4ste kommen?<\/h4>\n\n\n\n<p>Dann machen wir uns gemeinsam einen sch\u00f6nen Abend.<\/p>\n\n\n\n<p>Ein paar Fotos aus der Vergangenheit, ein Ausschnitt aus einem Heimatbuch, ein Lied aus dem Nieder-R\u00f6der Liederbuch, ein Ausschnitt aus den Heimatfilmen oder ein paar Mundartbegriffe aus unserem W\u00f6rterbuch.<\/p>\n\n\n\n<p>Bei jedem Termin wollen wir etwas vorbereiten, an dem die Mitglieder und unsere G\u00e4ste bestimmt Freude haben, wor\u00fcber sie schmunzeln m\u00fcssen oder staunen werden.<\/p>\n\n\n\n<p class=\"is-style-info\">Beim <strong>Gugg emol<\/strong> sind nat\u00fcrlich auch unsere Mitglieder willkommen! <br>F\u00fcr euch ist das DIE Chance zu sehen, wer sich f\u00fcr unseren Verein interessiert und vielleicht das n\u00e4chste Mitglied wird!!!<\/p>\n\n\n\n<p>Der Vorstand ist nat\u00fcrlich auch vertreten und ansprechbar.<br>Unsere <strong>Gugg emol<\/strong> und <strong>Babbeltisch<\/strong>-Termine erg\u00e4nzen sich damit wunderbar um die Gemeinschaft zu leben und im Kontakt zu bleiben &#8211; und zwar in ECHT &#x1f609;!<\/p>\n\n\n\n<p> Wir freuen uns auf euch!<\/p>\n\n\n\n<blockquote class=\"wp-block-quote is-layout-flow wp-block-quote-is-layout-flow\">\n<blockquote class=\"wp-block-quote has-text-align-center is-layout-flow wp-block-quote-is-layout-flow\">\n<h2 class=\"wp-block-heading\">Wann?<\/h2>\n\n\n\n<p>mehrmals pro Jahr<\/p>\n\n\n\n<p>je nachdem, wie es in den Kalender passt<\/p>\n\n\n\n<p>Freitags<\/p>\n\n\n\n<p>19:00 &#8211; 21:00 Uhr<\/p>\n\n\n\n<p>Am besten immer hier auf der Internetseite im Kalender schauen.<br>Hier findet ihr auch die aktuellen <strong>Gugg emol <\/strong>Termine!<\/p>\n<\/blockquote>\n<\/blockquote>\n\n\n\n<p><\/p>\n","protected":false},"excerpt":{"rendered":"<p>Noch nicht im Verein, aber interessiert?&#8222;Gugg emol&#8220; ist unser neues Format f\u00fcr alle, die den Heimatverein kennenlernen m\u00f6chten. Ein paar Mal pro Jahr m\u00f6chten wir Menschen aus Nieder-Roden und Umgebung einladen, die Was machen die da eigentlich im Heimatverein? Wir treffen uns in gem\u00fctlicher Atmosph\u00e4re in unserer Museumsstub. An k\u00fchlen Tagen spendet der Ofen wohlige &hellip; <\/p>\n<p><a class=\"more-link btn\" href=\"https:\/\/heimatverein-nieder-roden.de\/?page_id=8551\">Weiterlesen<\/a><\/p>\n","protected":false},"author":1,"featured_media":5332,"parent":381,"menu_order":0,"comment_status":"closed","ping_status":"closed","template":"","meta":{"_coblocks_attr":"","_coblocks_dimensions":"","_coblocks_responsive_height":"","_coblocks_accordion_ie_support":"","footnotes":""},"class_list":["post-8551","page","type-page","status-publish","has-post-thumbnail","hentry","nodate"],"publishpress_future_action":{"enabled":false,"date":"2026-05-08 02:09:06","action":"change-status","newStatus":"draft","terms":[],"taxonomy":"","extraData":[]},"publishpress_future_workflow_manual_trigger":{"enabledWorkflows":[]},"_links":{"self":[{"href":"https:\/\/heimatverein-nieder-roden.de\/index.php?rest_route=\/wp\/v2\/pages\/8551","targetHints":{"allow":["GET"]}}],"collection":[{"href":"https:\/\/heimatverein-nieder-roden.de\/index.php?rest_route=\/wp\/v2\/pages"}],"about":[{"href":"https:\/\/heimatverein-nieder-roden.de\/index.php?rest_route=\/wp\/v2\/types\/page"}],"author":[{"embeddable":true,"href":"https:\/\/heimatverein-nieder-roden.de\/index.php?rest_route=\/wp\/v2\/users\/1"}],"replies":[{"embeddable":true,"href":"https:\/\/heimatverein-nieder-roden.de\/index.php?rest_route=%2Fwp%2Fv2%2Fcomments&post=8551"}],"version-history":[{"count":12,"href":"https:\/\/heimatverein-nieder-roden.de\/index.php?rest_route=\/wp\/v2\/pages\/8551\/revisions"}],"predecessor-version":[{"id":8575,"href":"https:\/\/heimatverein-nieder-roden.de\/index.php?rest_route=\/wp\/v2\/pages\/8551\/revisions\/8575"}],"up":[{"embeddable":true,"href":"https:\/\/heimatverein-nieder-roden.de\/index.php?rest_route=\/wp\/v2\/pages\/381"}],"wp:featuredmedia":[{"embeddable":true,"href":"https:\/\/heimatverein-nieder-roden.de\/index.php?rest_route=\/wp\/v2\/media\/5332"}],"wp:attachment":[{"href":"https:\/\/heimatverein-nieder-roden.de\/index.php?rest_route=%2Fwp%2Fv2%2Fmedia&parent=8551"}],"curies":[{"name":"wp","href":"https:\/\/api.w.org\/{rel}","templated":true}]}}

<div class="wp-block-image is-style-default">
<figure class="alignright size-large is-resized"><img decoding="async" width="1024" height="768" src="https://heimatverein-nieder-roden.de/wp-content/uploads/2023/07/2023-07-09_14-43-30_AKHNR_Museumsoeffnung-2023-07-09-MiMh-Hitzeausfall_FMA_IMG_20230709_144330-1024x768.jpg" alt="" class="wp-image-5332" style="aspect-ratio:1.3333502576730725;width:375px;height:auto" srcset="https://heimatverein-nieder-roden.de/wp-content/uploads/2023/07/2023-07-09_14-43-30_AKHNR_Museumsoeffnung-2023-07-09-MiMh-Hitzeausfall_FMA_IMG_20230709_144330-1024x768.jpg 1024w, https://heimatverein-nieder-roden.de/wp-content/uploads/2023/07/2023-07-09_14-43-30_AKHNR_Museumsoeffnung-2023-07-09-MiMh-Hitzeausfall_FMA_IMG_20230709_144330-300x225.jpg 300w, https://heimatverein-nieder-roden.de/wp-content/uploads/2023/07/2023-07-09_14-43-30_AKHNR_Museumsoeffnung-2023-07-09-MiMh-Hitzeausfall_FMA_IMG_20230709_144330-768x576.jpg 768w, https://heimatverein-nieder-roden.de/wp-content/uploads/2023/07/2023-07-09_14-43-30_AKHNR_Museumsoeffnung-2023-07-09-MiMh-Hitzeausfall_FMA_IMG_20230709_144330-1536x1152.jpg 1536w, https://heimatverein-nieder-roden.de/wp-content/uploads/2023/07/2023-07-09_14-43-30_AKHNR_Museumsoeffnung-2023-07-09-MiMh-Hitzeausfall_FMA_IMG_20230709_144330-2048x1536.jpg 2048w, https://heimatverein-nieder-roden.de/wp-content/uploads/2023/07/2023-07-09_14-43-30_AKHNR_Museumsoeffnung-2023-07-09-MiMh-Hitzeausfall_FMA_IMG_20230709_144330-836x627.jpg 836w, https://heimatverein-nieder-roden.de/wp-content/uploads/2023/07/2023-07-09_14-43-30_AKHNR_Museumsoeffnung-2023-07-09-MiMh-Hitzeausfall_FMA_IMG_20230709_144330-560x420.jpg 560w" sizes="(max-width: 1024px) 100vw, 1024px" /><figcaption class="wp-element-caption">Zum <strong>Gugg emol </strong>ins Heimatmuseum<br>Eingang: Schulstraße 32</figcaption></figure>
</div>


<p><strong>Noch nicht im Verein, aber interessiert?<br>&#8222;Gugg emol&#8220; ist unser neues Format für alle, die den Heimatverein kennenlernen möchten.</strong></p>



<p>Ein paar Mal pro Jahr möchten wir Menschen aus Nieder-Roden und Umgebung einladen, die </p>



<ul class="wp-block-list">
<li>sich für Ihre Heimat interessieren </li>



<li>mehr über Ihre Heimat erfahren möchten</li>



<li>sich dafür engagieren möchten</li>



<li>nicht richtig wissen, wie sie anfangen sollen</li>



<li>sich schon immer mal wissen wollten:</li>
</ul>



<h2 class="wp-block-heading">Was machen die da eigentlich im Heimatverein?</h2>



<p><br>Wir treffen uns in gemütlicher Atmosphäre in unserer Museumsstub. An kühlen Tagen spendet der Ofen wohlige Wärme. Im Sommer sitzen wir auch schon mal im Hof.</p>



<p>Ein <strong>Gugg emol</strong> ermöglicht den Gästen den Verein kennenzulernen. <br>Dabei gehen wir auf die Gäste und ihr Interesse ein:</p>



<h4 class="wp-block-heading">Sie möchten einfach mal wissen, was der Heimatverein so macht?</h4>



<p>Dann erzählen wir Ihnen etwas darüber!</p>



<h4 class="wp-block-heading">Sie haben ein bestimmtes Thema, dass sie interessiert?</h4>



<p>Gerne stecken wir die Köpfe zusammen und stöbern in unseren Erinnerungen.<br>Oft sind unter uns ein paar Experten mit viiiieeeel Erfahrung.</p>



<h4 class="wp-block-heading">Sie haben eine Anregung, die Sie schon immer mal persönlich rüberbringen wollten?</h4>



<p>Das ist DIE Gelegenheit. Ohne Zwang, ohne Stress &#8211; einfach vorbeikommen.</p>



<h4 class="wp-block-heading">Und was, wenn keine Gäste kommen?</h4>



<p>Dann machen wir uns gemeinsam einen schönen Abend.</p>



<p>Ein paar Fotos aus der Vergangenheit, ein Ausschnitt aus einem Heimatbuch, ein Lied aus dem Nieder-Röder Liederbuch, ein Ausschnitt aus den Heimatfilmen oder ein paar Mundartbegriffe aus unserem Wörterbuch.</p>



<p>Bei jedem Termin wollen wir etwas vorbereiten, an dem die Mitglieder und unsere Gäste bestimmt Freude haben, worüber sie schmunzeln müssen oder staunen werden.</p>



<p class="is-style-info">Beim <strong>Gugg emol</strong> sind natürlich auch unsere Mitglieder willkommen! <br>Für euch ist das DIE Chance zu sehen, wer sich für unseren Verein interessiert und vielleicht das nächste Mitglied wird!!!</p>



<p>Der Vorstand ist natürlich auch vertreten und ansprechbar.<br>Unsere <strong>Gugg emol</strong> und <strong>Babbeltisch</strong>-Termine ergänzen sich damit wunderbar um die Gemeinschaft zu leben und im Kontakt zu bleiben &#8211; und zwar in ECHT &#x1f609;!</p>



<p> Wir freuen uns auf euch!</p>



<blockquote class="wp-block-quote is-layout-flow wp-block-quote-is-layout-flow">
<blockquote class="wp-block-quote has-text-align-center is-layout-flow wp-block-quote-is-layout-flow">
<h2 class="wp-block-heading">Wann?</h2>



<p>mehrmals pro Jahr</p>



<p>je nachdem, wie es in den Kalender passt</p>



<p>Freitags</p>



<p>19:00 &#8211; 21:00 Uhr</p>



<p>Am besten immer hier auf der Internetseite im Kalender schauen.<br>Hier findet ihr auch die aktuellen <strong>Gugg emol </strong>Termine!</p>
</blockquote>
</blockquote>



<p></p>

<p>Noch nicht im Verein, aber interessiert?&#8222;Gugg emol&#8220; ist unser neues Format für alle, die den Heimatverein kennenlernen möchten. Ein paar Mal pro Jahr möchten wir Menschen aus Nieder-Roden und Umgebung einladen, die Was machen die da eigentlich im Heimatverein? Wir treffen uns in gemütlicher Atmosphäre in unserer Museumsstub. An kühlen Tagen spendet der Ofen wohlige &hellip; </p>
<p><a class="more-link btn" href="https://heimatverein-nieder-roden.de/?page_id=8551">Weiterlesen</a></p>
