{"id":8548,"date":"2026-01-29T13:03:21","date_gmt":"2026-01-29T12:03:21","guid":{"rendered":"https:\/\/heimatverein-nieder-roden.de\/?page_id=8548"},"modified":"2026-01-29T15:14:27","modified_gmt":"2026-01-29T14:14:27","slug":"babbeltisch","status":"publish","type":"page","link":"https:\/\/heimatverein-nieder-roden.de\/?page_id=8548","title":{"rendered":"Babbeltisch"},"content":{"rendered":"<div class=\"wp-block-image\">\n<figure class=\"alignleft size-large is-resized\"><img decoding=\"async\" width=\"768\" height=\"1024\" src=\"https:\/\/heimatverein-nieder-roden.de\/wp-content\/uploads\/2023\/07\/2023-07-09_14-44-35_AKHNR_Museumsoeffnung-2023-07-09-MiMh-Hitzeausfall_FMA_IMG_20230709_144435-768x1024.jpg\" alt=\"\" class=\"wp-image-5334\" style=\"width:269px;height:auto\" srcset=\"https:\/\/heimatverein-nieder-roden.de\/wp-content\/uploads\/2023\/07\/2023-07-09_14-44-35_AKHNR_Museumsoeffnung-2023-07-09-MiMh-Hitzeausfall_FMA_IMG_20230709_144435-768x1024.jpg 768w, https:\/\/heimatverein-nieder-roden.de\/wp-content\/uploads\/2023\/07\/2023-07-09_14-44-35_AKHNR_Museumsoeffnung-2023-07-09-MiMh-Hitzeausfall_FMA_IMG_20230709_144435-225x300.jpg 225w, https:\/\/heimatverein-nieder-roden.de\/wp-content\/uploads\/2023\/07\/2023-07-09_14-44-35_AKHNR_Museumsoeffnung-2023-07-09-MiMh-Hitzeausfall_FMA_IMG_20230709_144435-1152x1536.jpg 1152w, https:\/\/heimatverein-nieder-roden.de\/wp-content\/uploads\/2023\/07\/2023-07-09_14-44-35_AKHNR_Museumsoeffnung-2023-07-09-MiMh-Hitzeausfall_FMA_IMG_20230709_144435-1536x2048.jpg 1536w, https:\/\/heimatverein-nieder-roden.de\/wp-content\/uploads\/2023\/07\/2023-07-09_14-44-35_AKHNR_Museumsoeffnung-2023-07-09-MiMh-Hitzeausfall_FMA_IMG_20230709_144435-836x1115.jpg 836w, https:\/\/heimatverein-nieder-roden.de\/wp-content\/uploads\/2023\/07\/2023-07-09_14-44-35_AKHNR_Museumsoeffnung-2023-07-09-MiMh-Hitzeausfall_FMA_IMG_20230709_144435-560x747.jpg 560w, https:\/\/heimatverein-nieder-roden.de\/wp-content\/uploads\/2023\/07\/2023-07-09_14-44-35_AKHNR_Museumsoeffnung-2023-07-09-MiMh-Hitzeausfall_FMA_IMG_20230709_144435-scaled.jpg 1920w\" sizes=\"(max-width: 768px) 100vw, 768px\" \/><\/figure>\n<\/div>\n\n\n<p><strong>Was fr\u00fcher mal der &#8222;Stammtisch&#8220; war, ist bei uns jetzt der Babbeltisch.<\/strong><\/p>\n\n\n\n<p>Der <strong>Babbeltisch <\/strong>ist ein entspannter Abend zum Babbeln, Schw\u00e4tzen und Geschichten erz\u00e4hlen.<br>Wir treffen uns in gem\u00fctlicher Atmosph\u00e4re in unserer Museumsstub. An k\u00fchlen Tagen spendet der Ofen wohlige W\u00e4rme.<\/p>\n\n\n\n<p>Wir erz\u00e4hlen von fr\u00fcher, tauschen uns \u00fcber das Heute aus und gr\u00fcbeln manchmal auch \u00fcber die Zukunft &#8211; in und um Nieder-Roden. Manchmal schauen wir uns auch gemeinsam ein paar Bilder oder Filmausschnitte an &#8211; immer je nachdem, zu was wir Lust und f\u00fcr was wir Zeit haben. <\/p>\n\n\n\n<p>Beim <strong>Babbeltisch <\/strong>wird immer auch ein Vorstandsmitglied dabei sein.<br>Damit ist der Vorstand ansprechbar und kann Ideen rasch aufnehmen.<\/p>\n\n\n\n<p>Und etwas zu Trinken gibt es nat\u00fcrlich auch &#x1f609;&#8230;<\/p>\n\n\n\n<p class=\"is-style-info\">Prim\u00e4r richtet sich der <strong>Babbeltisch <\/strong>an Vereinsmitglieder, aber auch interessierte G\u00e4ste sind zum Kennenlernen herzlich willkommen.<\/p>\n\n\n\n<p>Einfach mal reinschnuppern &#x1f60a;!<\/p>\n\n\n\n<p>Es gibt keinen Zwang &#8211; wenn es nix zum Babbeln gibt, geht man wieder nach Haus.<br>Spoiler: das haben wir noch nie erlebt. <br>Themen und Geschichten gibt es immer in H\u00fclle und F\u00fclle&#8230;<\/p>\n\n\n\n<p> Wir freuen uns auf euch!<\/p>\n\n\n\n<blockquote class=\"wp-block-quote is-layout-flow wp-block-quote-is-layout-flow\">\n<blockquote class=\"wp-block-quote has-text-align-center is-layout-flow wp-block-quote-is-layout-flow\">\n<h2 class=\"wp-block-heading\">Wann?<\/h2>\n\n\n\n<p>jeden zweiten Monat<\/p>\n\n\n\n<p>in der zweiten vollen Woche des Monats<br>(Ausnahmen kann es geben&#8230;)<\/p>\n\n\n\n<p>abwechselnd dienstags oder mittwochs<\/p>\n\n\n\n<p>18:00 &#8211; 20:00 Uhr<\/p>\n\n\n\n<p>Am besten immer hier auf der Internetseite im Kalender schauen.<br>Hier findet ihr auch die aktuellen <strong>Babbeltisch<\/strong>-Termine!<\/p>\n<\/blockquote>\n<\/blockquote>\n","protected":false},"excerpt":{"rendered":"<p>Was fr\u00fcher mal der &#8222;Stammtisch&#8220; war, ist bei uns jetzt der Babbeltisch. Der Babbeltisch ist ein entspannter Abend zum Babbeln, Schw\u00e4tzen und Geschichten erz\u00e4hlen.Wir treffen uns in gem\u00fctlicher Atmosph\u00e4re in unserer Museumsstub. An k\u00fchlen Tagen spendet der Ofen wohlige W\u00e4rme. Wir erz\u00e4hlen von fr\u00fcher, tauschen uns \u00fcber das Heute aus und gr\u00fcbeln manchmal auch \u00fcber &hellip; <\/p>\n<p><a class=\"more-link btn\" href=\"https:\/\/heimatverein-nieder-roden.de\/?page_id=8548\">Weiterlesen<\/a><\/p>\n","protected":false},"author":1,"featured_media":2341,"parent":381,"menu_order":0,"comment_status":"closed","ping_status":"closed","template":"","meta":{"_coblocks_attr":"","_coblocks_dimensions":"","_coblocks_responsive_height":"","_coblocks_accordion_ie_support":"","footnotes":""},"class_list":["post-8548","page","type-page","status-publish","has-post-thumbnail","hentry","nodate"],"publishpress_future_action":{"enabled":false,"date":"2026-05-08 04:30:35","action":"change-status","newStatus":"draft","terms":[],"taxonomy":"","extraData":[]},"publishpress_future_workflow_manual_trigger":{"enabledWorkflows":[]},"_links":{"self":[{"href":"https:\/\/heimatverein-nieder-roden.de\/index.php?rest_route=\/wp\/v2\/pages\/8548","targetHints":{"allow":["GET"]}}],"collection":[{"href":"https:\/\/heimatverein-nieder-roden.de\/index.php?rest_route=\/wp\/v2\/pages"}],"about":[{"href":"https:\/\/heimatverein-nieder-roden.de\/index.php?rest_route=\/wp\/v2\/types\/page"}],"author":[{"embeddable":true,"href":"https:\/\/heimatverein-nieder-roden.de\/index.php?rest_route=\/wp\/v2\/users\/1"}],"replies":[{"embeddable":true,"href":"https:\/\/heimatverein-nieder-roden.de\/index.php?rest_route=%2Fwp%2Fv2%2Fcomments&post=8548"}],"version-history":[{"count":8,"href":"https:\/\/heimatverein-nieder-roden.de\/index.php?rest_route=\/wp\/v2\/pages\/8548\/revisions"}],"predecessor-version":[{"id":8620,"href":"https:\/\/heimatverein-nieder-roden.de\/index.php?rest_route=\/wp\/v2\/pages\/8548\/revisions\/8620"}],"up":[{"embeddable":true,"href":"https:\/\/heimatverein-nieder-roden.de\/index.php?rest_route=\/wp\/v2\/pages\/381"}],"wp:featuredmedia":[{"embeddable":true,"href":"https:\/\/heimatverein-nieder-roden.de\/index.php?rest_route=\/wp\/v2\/media\/2341"}],"wp:attachment":[{"href":"https:\/\/heimatverein-nieder-roden.de\/index.php?rest_route=%2Fwp%2Fv2%2Fmedia&parent=8548"}],"curies":[{"name":"wp","href":"https:\/\/api.w.org\/{rel}","templated":true}]}}

<div class="wp-block-image">
<figure class="alignleft size-large is-resized"><img decoding="async" width="768" height="1024" src="https://heimatverein-nieder-roden.de/wp-content/uploads/2023/07/2023-07-09_14-44-35_AKHNR_Museumsoeffnung-2023-07-09-MiMh-Hitzeausfall_FMA_IMG_20230709_144435-768x1024.jpg" alt="" class="wp-image-5334" style="width:269px;height:auto" srcset="https://heimatverein-nieder-roden.de/wp-content/uploads/2023/07/2023-07-09_14-44-35_AKHNR_Museumsoeffnung-2023-07-09-MiMh-Hitzeausfall_FMA_IMG_20230709_144435-768x1024.jpg 768w, https://heimatverein-nieder-roden.de/wp-content/uploads/2023/07/2023-07-09_14-44-35_AKHNR_Museumsoeffnung-2023-07-09-MiMh-Hitzeausfall_FMA_IMG_20230709_144435-225x300.jpg 225w, https://heimatverein-nieder-roden.de/wp-content/uploads/2023/07/2023-07-09_14-44-35_AKHNR_Museumsoeffnung-2023-07-09-MiMh-Hitzeausfall_FMA_IMG_20230709_144435-1152x1536.jpg 1152w, https://heimatverein-nieder-roden.de/wp-content/uploads/2023/07/2023-07-09_14-44-35_AKHNR_Museumsoeffnung-2023-07-09-MiMh-Hitzeausfall_FMA_IMG_20230709_144435-1536x2048.jpg 1536w, https://heimatverein-nieder-roden.de/wp-content/uploads/2023/07/2023-07-09_14-44-35_AKHNR_Museumsoeffnung-2023-07-09-MiMh-Hitzeausfall_FMA_IMG_20230709_144435-836x1115.jpg 836w, https://heimatverein-nieder-roden.de/wp-content/uploads/2023/07/2023-07-09_14-44-35_AKHNR_Museumsoeffnung-2023-07-09-MiMh-Hitzeausfall_FMA_IMG_20230709_144435-560x747.jpg 560w, https://heimatverein-nieder-roden.de/wp-content/uploads/2023/07/2023-07-09_14-44-35_AKHNR_Museumsoeffnung-2023-07-09-MiMh-Hitzeausfall_FMA_IMG_20230709_144435-scaled.jpg 1920w" sizes="(max-width: 768px) 100vw, 768px" /></figure>
</div>


<p><strong>Was früher mal der &#8222;Stammtisch&#8220; war, ist bei uns jetzt der Babbeltisch.</strong></p>



<p>Der <strong>Babbeltisch </strong>ist ein entspannter Abend zum Babbeln, Schwätzen und Geschichten erzählen.<br>Wir treffen uns in gemütlicher Atmosphäre in unserer Museumsstub. An kühlen Tagen spendet der Ofen wohlige Wärme.</p>



<p>Wir erzählen von früher, tauschen uns über das Heute aus und grübeln manchmal auch über die Zukunft &#8211; in und um Nieder-Roden. Manchmal schauen wir uns auch gemeinsam ein paar Bilder oder Filmausschnitte an &#8211; immer je nachdem, zu was wir Lust und für was wir Zeit haben. </p>



<p>Beim <strong>Babbeltisch </strong>wird immer auch ein Vorstandsmitglied dabei sein.<br>Damit ist der Vorstand ansprechbar und kann Ideen rasch aufnehmen.</p>



<p>Und etwas zu Trinken gibt es natürlich auch &#x1f609;&#8230;</p>



<p class="is-style-info">Primär richtet sich der <strong>Babbeltisch </strong>an Vereinsmitglieder, aber auch interessierte Gäste sind zum Kennenlernen herzlich willkommen.</p>



<p>Einfach mal reinschnuppern &#x1f60a;!</p>



<p>Es gibt keinen Zwang &#8211; wenn es nix zum Babbeln gibt, geht man wieder nach Haus.<br>Spoiler: das haben wir noch nie erlebt. <br>Themen und Geschichten gibt es immer in Hülle und Fülle&#8230;</p>



<p> Wir freuen uns auf euch!</p>



<blockquote class="wp-block-quote is-layout-flow wp-block-quote-is-layout-flow">
<blockquote class="wp-block-quote has-text-align-center is-layout-flow wp-block-quote-is-layout-flow">
<h2 class="wp-block-heading">Wann?</h2>



<p>jeden zweiten Monat</p>



<p>in der zweiten vollen Woche des Monats<br>(Ausnahmen kann es geben&#8230;)</p>



<p>abwechselnd dienstags oder mittwochs</p>



<p>18:00 &#8211; 20:00 Uhr</p>



<p>Am besten immer hier auf der Internetseite im Kalender schauen.<br>Hier findet ihr auch die aktuellen <strong>Babbeltisch</strong>-Termine!</p>
</blockquote>
</blockquote>

<p>Was früher mal der &#8222;Stammtisch&#8220; war, ist bei uns jetzt der Babbeltisch. Der Babbeltisch ist ein entspannter Abend zum Babbeln, Schwätzen und Geschichten erzählen.Wir treffen uns in gemütlicher Atmosphäre in unserer Museumsstub. An kühlen Tagen spendet der Ofen wohlige Wärme. Wir erzählen von früher, tauschen uns über das Heute aus und grübeln manchmal auch über &hellip; </p>
<p><a class="more-link btn" href="https://heimatverein-nieder-roden.de/?page_id=8548">Weiterlesen</a></p>
