{"id":8182,"date":"2025-08-12T22:25:03","date_gmt":"2025-08-12T20:25:03","guid":{"rendered":"https:\/\/heimatverein-nieder-roden.de\/?page_id=8182"},"modified":"2025-08-12T22:41:10","modified_gmt":"2025-08-12T20:41:10","slug":"historische-getreideernte","status":"publish","type":"page","link":"https:\/\/heimatverein-nieder-roden.de\/?page_id=8182","title":{"rendered":"Historische Getreideernte"},"content":{"rendered":"\n<p>Vielleicht wird aus der Not eine Tugend&#8230;<\/p>\n\n\n<div class=\"wp-block-image\">\n<figure class=\"aligncenter size-large is-resized\"><a href=\"https:\/\/heimatverein-nieder-roden.de\/wp-content\/uploads\/2025\/08\/2025-07-13_15-03-27_AKHNR_Historische-Getreideernte-2025_FMA_PXL_20250713_130327900-scaled.jpg\"><img decoding=\"async\" width=\"1024\" height=\"771\" src=\"https:\/\/heimatverein-nieder-roden.de\/wp-content\/uploads\/2025\/08\/2025-07-13_15-03-27_AKHNR_Historische-Getreideernte-2025_FMA_PXL_20250713_130327900-1024x771.jpg\" alt=\"\" class=\"wp-image-8192\" style=\"width:487px;height:auto\" srcset=\"https:\/\/heimatverein-nieder-roden.de\/wp-content\/uploads\/2025\/08\/2025-07-13_15-03-27_AKHNR_Historische-Getreideernte-2025_FMA_PXL_20250713_130327900-1024x771.jpg 1024w, https:\/\/heimatverein-nieder-roden.de\/wp-content\/uploads\/2025\/08\/2025-07-13_15-03-27_AKHNR_Historische-Getreideernte-2025_FMA_PXL_20250713_130327900-300x226.jpg 300w, https:\/\/heimatverein-nieder-roden.de\/wp-content\/uploads\/2025\/08\/2025-07-13_15-03-27_AKHNR_Historische-Getreideernte-2025_FMA_PXL_20250713_130327900-768x578.jpg 768w, https:\/\/heimatverein-nieder-roden.de\/wp-content\/uploads\/2025\/08\/2025-07-13_15-03-27_AKHNR_Historische-Getreideernte-2025_FMA_PXL_20250713_130327900-1536x1157.jpg 1536w, https:\/\/heimatverein-nieder-roden.de\/wp-content\/uploads\/2025\/08\/2025-07-13_15-03-27_AKHNR_Historische-Getreideernte-2025_FMA_PXL_20250713_130327900-2048x1542.jpg 2048w, https:\/\/heimatverein-nieder-roden.de\/wp-content\/uploads\/2025\/08\/2025-07-13_15-03-27_AKHNR_Historische-Getreideernte-2025_FMA_PXL_20250713_130327900-836x629.jpg 836w, https:\/\/heimatverein-nieder-roden.de\/wp-content\/uploads\/2025\/08\/2025-07-13_15-03-27_AKHNR_Historische-Getreideernte-2025_FMA_PXL_20250713_130327900-560x422.jpg 560w\" sizes=\"(max-width: 1024px) 100vw, 1024px\" \/><\/a><\/figure>\n<\/div>\n\n\n<p>Weil der Unterstand f\u00fcr unsere historischen Landmaschinen in einem neu gezogenen Naturschutzgebiet steht muss er bis Mitte 2026 ger\u00e4umt und abgerissen werden. <\/p>\n\n\n\n<p>Damit wir die Maschinen noch einmal im Einsatz zeigen, fotografieren und f\u00fcr die Nachwelt filmisch festhalten konnten, haben wir sie im Rahmen einer Pr\u00e4sentation vorgef\u00fchrt.<\/p>\n\n\n<div class=\"wp-block-image\">\n<figure class=\"aligncenter size-large is-resized\"><a href=\"https:\/\/heimatverein-nieder-roden.de\/wp-content\/uploads\/2025\/08\/2025-07-13_15-00-06_AKHNR_Historische-Getreideernte-2025_FMA_PXL_20250713_130006757-scaled.jpg\"><img decoding=\"async\" width=\"1024\" height=\"771\" src=\"https:\/\/heimatverein-nieder-roden.de\/wp-content\/uploads\/2025\/08\/2025-07-13_15-00-06_AKHNR_Historische-Getreideernte-2025_FMA_PXL_20250713_130006757-1024x771.jpg\" alt=\"\" class=\"wp-image-8187\" style=\"width:482px;height:auto\" srcset=\"https:\/\/heimatverein-nieder-roden.de\/wp-content\/uploads\/2025\/08\/2025-07-13_15-00-06_AKHNR_Historische-Getreideernte-2025_FMA_PXL_20250713_130006757-1024x771.jpg 1024w, https:\/\/heimatverein-nieder-roden.de\/wp-content\/uploads\/2025\/08\/2025-07-13_15-00-06_AKHNR_Historische-Getreideernte-2025_FMA_PXL_20250713_130006757-300x226.jpg 300w, https:\/\/heimatverein-nieder-roden.de\/wp-content\/uploads\/2025\/08\/2025-07-13_15-00-06_AKHNR_Historische-Getreideernte-2025_FMA_PXL_20250713_130006757-768x578.jpg 768w, https:\/\/heimatverein-nieder-roden.de\/wp-content\/uploads\/2025\/08\/2025-07-13_15-00-06_AKHNR_Historische-Getreideernte-2025_FMA_PXL_20250713_130006757-1536x1157.jpg 1536w, https:\/\/heimatverein-nieder-roden.de\/wp-content\/uploads\/2025\/08\/2025-07-13_15-00-06_AKHNR_Historische-Getreideernte-2025_FMA_PXL_20250713_130006757-2048x1542.jpg 2048w, https:\/\/heimatverein-nieder-roden.de\/wp-content\/uploads\/2025\/08\/2025-07-13_15-00-06_AKHNR_Historische-Getreideernte-2025_FMA_PXL_20250713_130006757-836x629.jpg 836w, https:\/\/heimatverein-nieder-roden.de\/wp-content\/uploads\/2025\/08\/2025-07-13_15-00-06_AKHNR_Historische-Getreideernte-2025_FMA_PXL_20250713_130006757-560x422.jpg 560w\" sizes=\"(max-width: 1024px) 100vw, 1024px\" \/><\/a><\/figure>\n<\/div>\n\n\n<p>Vielleicht haben wir Gl\u00fcck und finden noch eine L\u00f6sung &#8211; wenn ja, w\u00fcrden wir gerne regelm\u00e4\u00dfig den Nieder-R\u00f6dern zeigen, wie fr\u00fcher auf den Feldern um sie herum gearbeitet und geerntet wurde.<\/p>\n\n\n\n<hr class=\"wp-block-separator has-alpha-channel-opacity is-style-wide\"\/>\n\n\n\n<h2 class=\"wp-block-heading\">Meldungen zum Thema<\/h2>\n\n\n<div class=\"display-posts-listing grid\"><div class=\"listing-item\"><a class=\"image\" href=\"https:\/\/heimatverein-nieder-roden.de\/?p=8179\"><img decoding=\"async\" width=\"300\" height=\"185\" src=\"https:\/\/heimatverein-nieder-roden.de\/wp-content\/uploads\/2025\/08\/image-300x185.png\" class=\"attachment-medium size-medium wp-post-image\" alt=\"\" srcset=\"https:\/\/heimatverein-nieder-roden.de\/wp-content\/uploads\/2025\/08\/image-300x185.png 300w, https:\/\/heimatverein-nieder-roden.de\/wp-content\/uploads\/2025\/08\/image-768x474.png 768w, https:\/\/heimatverein-nieder-roden.de\/wp-content\/uploads\/2025\/08\/image-836x516.png 836w, https:\/\/heimatverein-nieder-roden.de\/wp-content\/uploads\/2025\/08\/image-560x345.png 560w, https:\/\/heimatverein-nieder-roden.de\/wp-content\/uploads\/2025\/08\/image.png 1020w\" sizes=\"(max-width: 300px) 100vw, 300px\" \/><\/a> <a class=\"title\" href=\"https:\/\/heimatverein-nieder-roden.de\/?p=8179\">&#8222;Als Ernten noch Knochenarbeit war \u2013 Nieder-R\u00f6der Heimatkundler organisieren lehrreichen Protest&#8220;<\/a> <span class=\"excerpt-dash\">-<\/span> <span class=\"excerpt\">Artikel der Offenbach-Post auf OP-Online.de vom 15.07.2025. \nWir bedanken uns herzlich f\u00fcr die Berichterstattung der Presse!<\/span><\/div><div class=\"listing-item\"><a class=\"image\" href=\"https:\/\/heimatverein-nieder-roden.de\/?p=8154\"><img decoding=\"async\" width=\"300\" height=\"169\" src=\"https:\/\/heimatverein-nieder-roden.de\/wp-content\/uploads\/2023\/03\/2021-07-27_AKHNR_Zwischen-Feld-Wald-Kiessee-und-Katharinenhof_EGEKalender2022-07_IMG_4717-scaled-300x169.jpg\" class=\"attachment-medium size-medium wp-post-image\" alt=\"\" srcset=\"https:\/\/heimatverein-nieder-roden.de\/wp-content\/uploads\/2023\/03\/2021-07-27_AKHNR_Zwischen-Feld-Wald-Kiessee-und-Katharinenhof_EGEKalender2022-07_IMG_4717-scaled-300x169.jpg 300w, https:\/\/heimatverein-nieder-roden.de\/wp-content\/uploads\/2023\/03\/2021-07-27_AKHNR_Zwischen-Feld-Wald-Kiessee-und-Katharinenhof_EGEKalender2022-07_IMG_4717-scaled-1024x576.jpg 1024w, https:\/\/heimatverein-nieder-roden.de\/wp-content\/uploads\/2023\/03\/2021-07-27_AKHNR_Zwischen-Feld-Wald-Kiessee-und-Katharinenhof_EGEKalender2022-07_IMG_4717-scaled-768x432.jpg 768w, https:\/\/heimatverein-nieder-roden.de\/wp-content\/uploads\/2023\/03\/2021-07-27_AKHNR_Zwischen-Feld-Wald-Kiessee-und-Katharinenhof_EGEKalender2022-07_IMG_4717-scaled-1536x865.jpg 1536w, https:\/\/heimatverein-nieder-roden.de\/wp-content\/uploads\/2023\/03\/2021-07-27_AKHNR_Zwischen-Feld-Wald-Kiessee-und-Katharinenhof_EGEKalender2022-07_IMG_4717-scaled-2048x1153.jpg 2048w, https:\/\/heimatverein-nieder-roden.de\/wp-content\/uploads\/2023\/03\/2021-07-27_AKHNR_Zwischen-Feld-Wald-Kiessee-und-Katharinenhof_EGEKalender2022-07_IMG_4717-scaled-836x471.jpg 836w, https:\/\/heimatverein-nieder-roden.de\/wp-content\/uploads\/2023\/03\/2021-07-27_AKHNR_Zwischen-Feld-Wald-Kiessee-und-Katharinenhof_EGEKalender2022-07_IMG_4717-scaled-560x315.jpg 560w\" sizes=\"(max-width: 300px) 100vw, 300px\" \/><\/a> <a class=\"title\" href=\"https:\/\/heimatverein-nieder-roden.de\/?p=8154\">Historische Getreideernte<\/a> <span class=\"excerpt-dash\">-<\/span> <span class=\"excerpt\">Wie ihr vielleicht schon geh\u00f6rt oder gelesen habt muss der Heimatverein seine Halle im Flitzeflur r\u00e4umen. Sie hat viele Jahre unsere gro\u00dfen Exponate beherbergt und muss 2026 einem Naturschutzgebiet weichen. Zu den Exponaten z\u00e4hlen insbesondere auch einige landwirtschaftliche Maschinen, die allesamt auf den Feldern um Nieder-Roden herum eingesetzt wurden &#8211; und teils einmaligen Charakter haben. &hellip; <\/p><p><a class=\"more-link btn\" href=\"https:\/\/heimatverein-nieder-roden.de\/?p=8154\">Weiterlesen<\/a><\/span><\/div><div class=\"listing-item\"><a class=\"image\" href=\"https:\/\/heimatverein-nieder-roden.de\/?p=8151\"><img decoding=\"async\" width=\"300\" height=\"188\" src=\"https:\/\/heimatverein-nieder-roden.de\/wp-content\/uploads\/2025\/07\/image-1-300x188.png\" class=\"attachment-medium size-medium wp-post-image\" alt=\"\" srcset=\"https:\/\/heimatverein-nieder-roden.de\/wp-content\/uploads\/2025\/07\/image-1-300x188.png 300w, https:\/\/heimatverein-nieder-roden.de\/wp-content\/uploads\/2025\/07\/image-1-768x482.png 768w, https:\/\/heimatverein-nieder-roden.de\/wp-content\/uploads\/2025\/07\/image-1-836x525.png 836w, https:\/\/heimatverein-nieder-roden.de\/wp-content\/uploads\/2025\/07\/image-1-560x351.png 560w, https:\/\/heimatverein-nieder-roden.de\/wp-content\/uploads\/2025\/07\/image-1.png 1015w\" sizes=\"(max-width: 300px) 100vw, 300px\" \/><\/a> <a class=\"title\" href=\"https:\/\/heimatverein-nieder-roden.de\/?p=8151\">&#8222;Museumsreif und noch gut in Schuss \u2013 Nieder-R\u00f6der Heimatverein muss historische Landmaschinen abgeben&#8220;<\/a> <span class=\"excerpt-dash\">-<\/span> <span class=\"excerpt\">Artikel der Offenbach-Post auf OP-Online.de vom 11.07.2025. \nWir bedanken uns herzlich f\u00fcr die Berichterstattung der Presse!<\/span><\/div><\/div>\n","protected":false},"excerpt":{"rendered":"<p>Vielleicht wird aus der Not eine Tugend&#8230; Weil der Unterstand f\u00fcr unsere historischen Landmaschinen in einem neu gezogenen Naturschutzgebiet steht muss er bis Mitte 2026 ger\u00e4umt und abgerissen werden. Damit wir die Maschinen noch einmal im Einsatz zeigen, fotografieren und f\u00fcr die Nachwelt filmisch festhalten konnten, haben wir sie im Rahmen einer Pr\u00e4sentation vorgef\u00fchrt. Vielleicht &hellip; <\/p>\n<p><a class=\"more-link btn\" href=\"https:\/\/heimatverein-nieder-roden.de\/?p=8151\">Weiterlesen<\/a><\/p><p><a class=\"more-link btn\" href=\"https:\/\/heimatverein-nieder-roden.de\/?p=8151\">Weiterlesen<\/a><\/p>\n","protected":false},"author":1,"featured_media":8190,"parent":381,"menu_order":0,"comment_status":"closed","ping_status":"closed","template":"","meta":{"_coblocks_attr":"","_coblocks_dimensions":"","_coblocks_responsive_height":"","_coblocks_accordion_ie_support":"","footnotes":""},"class_list":["post-8182","page","type-page","status-publish","has-post-thumbnail","hentry","nodate"],"publishpress_future_action":{"enabled":false,"date":"2026-05-07 15:32:45","action":"change-status","newStatus":"draft","terms":[],"taxonomy":"","extraData":[]},"publishpress_future_workflow_manual_trigger":{"enabledWorkflows":[]},"_links":{"self":[{"href":"https:\/\/heimatverein-nieder-roden.de\/index.php?rest_route=\/wp\/v2\/pages\/8182","targetHints":{"allow":["GET"]}}],"collection":[{"href":"https:\/\/heimatverein-nieder-roden.de\/index.php?rest_route=\/wp\/v2\/pages"}],"about":[{"href":"https:\/\/heimatverein-nieder-roden.de\/index.php?rest_route=\/wp\/v2\/types\/page"}],"author":[{"embeddable":true,"href":"https:\/\/heimatverein-nieder-roden.de\/index.php?rest_route=\/wp\/v2\/users\/1"}],"replies":[{"embeddable":true,"href":"https:\/\/heimatverein-nieder-roden.de\/index.php?rest_route=%2Fwp%2Fv2%2Fcomments&post=8182"}],"version-history":[{"count":5,"href":"https:\/\/heimatverein-nieder-roden.de\/index.php?rest_route=\/wp\/v2\/pages\/8182\/revisions"}],"predecessor-version":[{"id":8200,"href":"https:\/\/heimatverein-nieder-roden.de\/index.php?rest_route=\/wp\/v2\/pages\/8182\/revisions\/8200"}],"up":[{"embeddable":true,"href":"https:\/\/heimatverein-nieder-roden.de\/index.php?rest_route=\/wp\/v2\/pages\/381"}],"wp:featuredmedia":[{"embeddable":true,"href":"https:\/\/heimatverein-nieder-roden.de\/index.php?rest_route=\/wp\/v2\/media\/8190"}],"wp:attachment":[{"href":"https:\/\/heimatverein-nieder-roden.de\/index.php?rest_route=%2Fwp%2Fv2%2Fmedia&parent=8182"}],"curies":[{"name":"wp","href":"https:\/\/api.w.org\/{rel}","templated":true}]}}

<p>Vielleicht wird aus der Not eine Tugend&#8230;</p>


<div class="wp-block-image">
<figure class="aligncenter size-large is-resized"><a href="https://heimatverein-nieder-roden.de/wp-content/uploads/2025/08/2025-07-13_15-03-27_AKHNR_Historische-Getreideernte-2025_FMA_PXL_20250713_130327900-scaled.jpg"><img decoding="async" width="1024" height="771" src="https://heimatverein-nieder-roden.de/wp-content/uploads/2025/08/2025-07-13_15-03-27_AKHNR_Historische-Getreideernte-2025_FMA_PXL_20250713_130327900-1024x771.jpg" alt="" class="wp-image-8192" style="width:487px;height:auto" srcset="https://heimatverein-nieder-roden.de/wp-content/uploads/2025/08/2025-07-13_15-03-27_AKHNR_Historische-Getreideernte-2025_FMA_PXL_20250713_130327900-1024x771.jpg 1024w, https://heimatverein-nieder-roden.de/wp-content/uploads/2025/08/2025-07-13_15-03-27_AKHNR_Historische-Getreideernte-2025_FMA_PXL_20250713_130327900-300x226.jpg 300w, https://heimatverein-nieder-roden.de/wp-content/uploads/2025/08/2025-07-13_15-03-27_AKHNR_Historische-Getreideernte-2025_FMA_PXL_20250713_130327900-768x578.jpg 768w, https://heimatverein-nieder-roden.de/wp-content/uploads/2025/08/2025-07-13_15-03-27_AKHNR_Historische-Getreideernte-2025_FMA_PXL_20250713_130327900-1536x1157.jpg 1536w, https://heimatverein-nieder-roden.de/wp-content/uploads/2025/08/2025-07-13_15-03-27_AKHNR_Historische-Getreideernte-2025_FMA_PXL_20250713_130327900-2048x1542.jpg 2048w, https://heimatverein-nieder-roden.de/wp-content/uploads/2025/08/2025-07-13_15-03-27_AKHNR_Historische-Getreideernte-2025_FMA_PXL_20250713_130327900-836x629.jpg 836w, https://heimatverein-nieder-roden.de/wp-content/uploads/2025/08/2025-07-13_15-03-27_AKHNR_Historische-Getreideernte-2025_FMA_PXL_20250713_130327900-560x422.jpg 560w" sizes="(max-width: 1024px) 100vw, 1024px" /></a></figure>
</div>


<p>Weil der Unterstand für unsere historischen Landmaschinen in einem neu gezogenen Naturschutzgebiet steht muss er bis Mitte 2026 geräumt und abgerissen werden. </p>



<p>Damit wir die Maschinen noch einmal im Einsatz zeigen, fotografieren und für die Nachwelt filmisch festhalten konnten, haben wir sie im Rahmen einer Präsentation vorgeführt.</p>


<div class="wp-block-image">
<figure class="aligncenter size-large is-resized"><a href="https://heimatverein-nieder-roden.de/wp-content/uploads/2025/08/2025-07-13_15-00-06_AKHNR_Historische-Getreideernte-2025_FMA_PXL_20250713_130006757-scaled.jpg"><img decoding="async" width="1024" height="771" src="https://heimatverein-nieder-roden.de/wp-content/uploads/2025/08/2025-07-13_15-00-06_AKHNR_Historische-Getreideernte-2025_FMA_PXL_20250713_130006757-1024x771.jpg" alt="" class="wp-image-8187" style="width:482px;height:auto" srcset="https://heimatverein-nieder-roden.de/wp-content/uploads/2025/08/2025-07-13_15-00-06_AKHNR_Historische-Getreideernte-2025_FMA_PXL_20250713_130006757-1024x771.jpg 1024w, https://heimatverein-nieder-roden.de/wp-content/uploads/2025/08/2025-07-13_15-00-06_AKHNR_Historische-Getreideernte-2025_FMA_PXL_20250713_130006757-300x226.jpg 300w, https://heimatverein-nieder-roden.de/wp-content/uploads/2025/08/2025-07-13_15-00-06_AKHNR_Historische-Getreideernte-2025_FMA_PXL_20250713_130006757-768x578.jpg 768w, https://heimatverein-nieder-roden.de/wp-content/uploads/2025/08/2025-07-13_15-00-06_AKHNR_Historische-Getreideernte-2025_FMA_PXL_20250713_130006757-1536x1157.jpg 1536w, https://heimatverein-nieder-roden.de/wp-content/uploads/2025/08/2025-07-13_15-00-06_AKHNR_Historische-Getreideernte-2025_FMA_PXL_20250713_130006757-2048x1542.jpg 2048w, https://heimatverein-nieder-roden.de/wp-content/uploads/2025/08/2025-07-13_15-00-06_AKHNR_Historische-Getreideernte-2025_FMA_PXL_20250713_130006757-836x629.jpg 836w, https://heimatverein-nieder-roden.de/wp-content/uploads/2025/08/2025-07-13_15-00-06_AKHNR_Historische-Getreideernte-2025_FMA_PXL_20250713_130006757-560x422.jpg 560w" sizes="(max-width: 1024px) 100vw, 1024px" /></a></figure>
</div>


<p>Vielleicht haben wir Glück und finden noch eine Lösung &#8211; wenn ja, würden wir gerne regelmäßig den Nieder-Rödern zeigen, wie früher auf den Feldern um sie herum gearbeitet und geerntet wurde.</p>



<hr class="wp-block-separator has-alpha-channel-opacity is-style-wide"/>



<h2 class="wp-block-heading">Meldungen zum Thema</h2>


<div class="display-posts-listing grid"><div class="listing-item"><a class="image" href="https://heimatverein-nieder-roden.de/?p=8179"><img decoding="async" width="300" height="185" src="https://heimatverein-nieder-roden.de/wp-content/uploads/2025/08/image-300x185.png" class="attachment-medium size-medium wp-post-image" alt="" srcset="https://heimatverein-nieder-roden.de/wp-content/uploads/2025/08/image-300x185.png 300w, https://heimatverein-nieder-roden.de/wp-content/uploads/2025/08/image-768x474.png 768w, https://heimatverein-nieder-roden.de/wp-content/uploads/2025/08/image-836x516.png 836w, https://heimatverein-nieder-roden.de/wp-content/uploads/2025/08/image-560x345.png 560w, https://heimatverein-nieder-roden.de/wp-content/uploads/2025/08/image.png 1020w" sizes="(max-width: 300px) 100vw, 300px" /></a> <a class="title" href="https://heimatverein-nieder-roden.de/?p=8179">&#8222;Als Ernten noch Knochenarbeit war – Nieder-Röder Heimatkundler organisieren lehrreichen Protest&#8220;</a> <span class="excerpt-dash">-</span> <span class="excerpt">Artikel der Offenbach-Post auf OP-Online.de vom 15.07.2025. 
Wir bedanken uns herzlich für die Berichterstattung der Presse!</span></div><div class="listing-item"><a class="image" href="https://heimatverein-nieder-roden.de/?p=8154"><img decoding="async" width="300" height="169" src="https://heimatverein-nieder-roden.de/wp-content/uploads/2023/03/2021-07-27_AKHNR_Zwischen-Feld-Wald-Kiessee-und-Katharinenhof_EGEKalender2022-07_IMG_4717-scaled-300x169.jpg" class="attachment-medium size-medium wp-post-image" alt="" srcset="https://heimatverein-nieder-roden.de/wp-content/uploads/2023/03/2021-07-27_AKHNR_Zwischen-Feld-Wald-Kiessee-und-Katharinenhof_EGEKalender2022-07_IMG_4717-scaled-300x169.jpg 300w, https://heimatverein-nieder-roden.de/wp-content/uploads/2023/03/2021-07-27_AKHNR_Zwischen-Feld-Wald-Kiessee-und-Katharinenhof_EGEKalender2022-07_IMG_4717-scaled-1024x576.jpg 1024w, https://heimatverein-nieder-roden.de/wp-content/uploads/2023/03/2021-07-27_AKHNR_Zwischen-Feld-Wald-Kiessee-und-Katharinenhof_EGEKalender2022-07_IMG_4717-scaled-768x432.jpg 768w, https://heimatverein-nieder-roden.de/wp-content/uploads/2023/03/2021-07-27_AKHNR_Zwischen-Feld-Wald-Kiessee-und-Katharinenhof_EGEKalender2022-07_IMG_4717-scaled-1536x865.jpg 1536w, https://heimatverein-nieder-roden.de/wp-content/uploads/2023/03/2021-07-27_AKHNR_Zwischen-Feld-Wald-Kiessee-und-Katharinenhof_EGEKalender2022-07_IMG_4717-scaled-2048x1153.jpg 2048w, https://heimatverein-nieder-roden.de/wp-content/uploads/2023/03/2021-07-27_AKHNR_Zwischen-Feld-Wald-Kiessee-und-Katharinenhof_EGEKalender2022-07_IMG_4717-scaled-836x471.jpg 836w, https://heimatverein-nieder-roden.de/wp-content/uploads/2023/03/2021-07-27_AKHNR_Zwischen-Feld-Wald-Kiessee-und-Katharinenhof_EGEKalender2022-07_IMG_4717-scaled-560x315.jpg 560w" sizes="(max-width: 300px) 100vw, 300px" /></a> <a class="title" href="https://heimatverein-nieder-roden.de/?p=8154">Historische Getreideernte</a> <span class="excerpt-dash">-</span> <span class="excerpt">Wie ihr vielleicht schon gehört oder gelesen habt muss der Heimatverein seine Halle im Flitzeflur räumen. Sie hat viele Jahre unsere großen Exponate beherbergt und muss 2026 einem Naturschutzgebiet weichen. Zu den Exponaten zählen insbesondere auch einige landwirtschaftliche Maschinen, die allesamt auf den Feldern um Nieder-Roden herum eingesetzt wurden &#8211; und teils einmaligen Charakter haben. &hellip; </p><p><a class="more-link btn" href="https://heimatverein-nieder-roden.de/?p=8154">Weiterlesen</a></span></div><div class="listing-item"><a class="image" href="https://heimatverein-nieder-roden.de/?p=8151"><img decoding="async" width="300" height="188" src="https://heimatverein-nieder-roden.de/wp-content/uploads/2025/07/image-1-300x188.png" class="attachment-medium size-medium wp-post-image" alt="" srcset="https://heimatverein-nieder-roden.de/wp-content/uploads/2025/07/image-1-300x188.png 300w, https://heimatverein-nieder-roden.de/wp-content/uploads/2025/07/image-1-768x482.png 768w, https://heimatverein-nieder-roden.de/wp-content/uploads/2025/07/image-1-836x525.png 836w, https://heimatverein-nieder-roden.de/wp-content/uploads/2025/07/image-1-560x351.png 560w, https://heimatverein-nieder-roden.de/wp-content/uploads/2025/07/image-1.png 1015w" sizes="(max-width: 300px) 100vw, 300px" /></a> <a class="title" href="https://heimatverein-nieder-roden.de/?p=8151">&#8222;Museumsreif und noch gut in Schuss – Nieder-Röder Heimatverein muss historische Landmaschinen abgeben&#8220;</a> <span class="excerpt-dash">-</span> <span class="excerpt">Artikel der Offenbach-Post auf OP-Online.de vom 11.07.2025. 
Wir bedanken uns herzlich für die Berichterstattung der Presse!</span></div></div>

<p>Vielleicht wird aus der Not eine Tugend&#8230; Weil der Unterstand für unsere historischen Landmaschinen in einem neu gezogenen Naturschutzgebiet steht muss er bis Mitte 2026 geräumt und abgerissen werden. Damit wir die Maschinen noch einmal im Einsatz zeigen, fotografieren und für die Nachwelt filmisch festhalten konnten, haben wir sie im Rahmen einer Präsentation vorgeführt. Vielleicht &hellip; </p>
<p><a class="more-link btn" href="https://heimatverein-nieder-roden.de/?p=8151">Weiterlesen</a></p><p><a class="more-link btn" href="https://heimatverein-nieder-roden.de/?p=8151">Weiterlesen</a></p>
