{"id":7987,"date":"2025-03-20T15:34:55","date_gmt":"2025-03-20T14:34:55","guid":{"rendered":"https:\/\/heimatverein-nieder-roden.de\/?page_id=7987"},"modified":"2026-04-20T20:50:39","modified_gmt":"2026-04-20T18:50:39","slug":"katalog-der-rodgauer-geldersatzmittel","status":"publish","type":"page","link":"https:\/\/heimatverein-nieder-roden.de\/?page_id=7987","title":{"rendered":"Katalog der Rodgauer Geldersatzmittel"},"content":{"rendered":"\n<p><strong>Rodgau und sein unbekanntes Geld \u2013 Gutscheine, Wertmarken und Medaillen<\/strong><\/p>\n\n\n\n<p>Auf den ersten Blick scheint die Geschichte Rodgaus mit Geld wenig zu tun zu haben. Die heutigen Stadtteile geh\u00f6rten einst zu verschiedenen Herrschaftsgebieten, besa\u00dfen aber zu keiner Zeit ein eigenes M\u00fcnzrecht. Auch in Krisenzeiten, wie nach dem Ersten Weltkrieg, sind keine lokalen Notgeld-Emissionen bekannt. Doch wer genauer hinschaut, entdeckt ein spannendes Sammelgebiet: Gutscheine, Wertmarken und Medaillen aus Rodgau.<\/p>\n\n\n<div class=\"wp-block-image\">\n<figure class=\"aligncenter size-full is-resized\"><img decoding=\"async\" width=\"828\" height=\"823\" src=\"https:\/\/heimatverein-nieder-roden.de\/wp-content\/uploads\/2025\/03\/Kinderkarussell-Biebel_Fahrchip_Vorderseite_ASP.jpg\" alt=\"\" class=\"wp-image-7993\" style=\"width:422px;height:auto\" srcset=\"https:\/\/heimatverein-nieder-roden.de\/wp-content\/uploads\/2025\/03\/Kinderkarussell-Biebel_Fahrchip_Vorderseite_ASP.jpg 828w, https:\/\/heimatverein-nieder-roden.de\/wp-content\/uploads\/2025\/03\/Kinderkarussell-Biebel_Fahrchip_Vorderseite_ASP-300x298.jpg 300w, https:\/\/heimatverein-nieder-roden.de\/wp-content\/uploads\/2025\/03\/Kinderkarussell-Biebel_Fahrchip_Vorderseite_ASP-150x150.jpg 150w, https:\/\/heimatverein-nieder-roden.de\/wp-content\/uploads\/2025\/03\/Kinderkarussell-Biebel_Fahrchip_Vorderseite_ASP-768x763.jpg 768w, https:\/\/heimatverein-nieder-roden.de\/wp-content\/uploads\/2025\/03\/Kinderkarussell-Biebel_Fahrchip_Vorderseite_ASP-560x557.jpg 560w\" sizes=\"(max-width: 828px) 100vw, 828px\" \/><figcaption class=\"wp-element-caption\">Fahrchip f\u00fcr das Kinderkarussell von A. &amp; I. Biebel auf der Nirrer\u00e4irer Kerb.\n\u00a9ASP\/AKHNR<\/figcaption><\/figure>\n<\/div>\n\n\n<p>Diese oft \u00fcbersehenen Zeugnisse der Wirtschaftsgeschichte wurden von Unternehmen, Vereinen oder f\u00fcr Veranstaltungen herausgegeben. Sie erf\u00fcllten dabei h\u00e4ufig Funktionen eines Zahlungsmittels oder dienten als Wertmarken f\u00fcr bestimmte Waren oder Dienstleistungen. Da viele dieser Marken nach ihrer Nutzung vernichtet wurden, sind erhaltene Exemplare selten \u2013 und umso wertvoller f\u00fcr die Heimatforschung.<\/p>\n\n\n\n<p>Mit dieser Sammlung m\u00f6chten wir erstmals einen \u00dcberblick \u00fcber die Geldersatzmittel Rodgaus schaffen. Wir laden alle Interessierten herzlich ein, zur Vervollst\u00e4ndigung beizutragen. Haben Sie alte Wertmarken oder Gutscheine aus Rodgau? Dann melden Sie sich gerne \u2013 jede Information hilft, dieses St\u00fcck Stadtgeschichte besser zu verstehen!<\/p>\n\n\n\n<p class=\"is-style-info has-regular-font-size\">Das Projekt <strong>&#8222;Katalog der Rodgauer Geldersatzmittel&#8220; <\/strong>wird betreut von der Schaffkibbe Numismatik.<\/p>\n\n\n\n<div class=\"wp-block-buttons is-content-justification-center is-layout-flex wp-container-core-buttons-is-layout-16018d1d wp-block-buttons-is-layout-flex\">\n<div class=\"wp-block-button\"><a class=\"wp-block-button__link has-background wp-element-button\" href=\"https:\/\/heimatverein-nieder-roden.de\/?page_id=6969\" style=\"background-color:#932418\">zur Schaffkibbe Numismatik<\/a><\/div>\n<\/div>\n\n\n\n<h3 class=\"wp-block-heading\">Entwurf des Katalogs<\/h3>\n\n\n\n<p>F\u00fcr seine Vortr\u00e4ge zum Start des Projektes hat Andreas Spott einen \u00dcberblick \u00fcber die Informationen zusammengestellt, die wir bisher haben. Erste R\u00fcckmeldungen die durch die Vortr\u00e4ge angesto\u00dfen wurden sind ebenfalls eingeflossen.<\/p>\n\n\n\n<p>Hier stellen wir das Dokument im PDF zu Ansicht bereit. Selbstverst\u00e4ndlich darf er nicht an anderer Stelle wiederver\u00f6ffentlicht oder anderweitig vervielf\u00e4ltigt werden.<\/p>\n\n\n\n<h4 class=\"wp-block-heading\">Version 0.3<\/h4>\n\n\n\n<div data-wp-interactive=\"core\/file\" class=\"wp-block-file\"><object data-wp-bind--hidden=\"!state.hasPdfPreview\" hidden class=\"wp-block-file__embed\" data=\"https:\/\/heimatverein-nieder-roden.de\/wp-content\/uploads\/2026\/04\/AKHNR_Katalog-Geldersatzmittel-Rodgau_v0.3_2026-03-04_ASPFMA.pdf\" type=\"application\/pdf\" style=\"width:100%;height:600px\" aria-label=\"Einbettung von AKHNR_Katalog-Geldersatzmittel-Rodgau_v0.3_2026-03-04_ASP+FMA.\"><\/object><a id=\"wp-block-file--media-079b7f79-46a9-4009-9be1-ba28ee9e2a30\" href=\"https:\/\/heimatverein-nieder-roden.de\/wp-content\/uploads\/2026\/04\/AKHNR_Katalog-Geldersatzmittel-Rodgau_v0.3_2026-03-04_ASPFMA.pdf\">AKHNR_Katalog-Geldersatzmittel-Rodgau_v0.3_2026-03-04_ASP+FMA<\/a><a href=\"https:\/\/heimatverein-nieder-roden.de\/wp-content\/uploads\/2026\/04\/AKHNR_Katalog-Geldersatzmittel-Rodgau_v0.3_2026-03-04_ASPFMA.pdf\" class=\"wp-block-file__button wp-element-button\" download aria-describedby=\"wp-block-file--media-079b7f79-46a9-4009-9be1-ba28ee9e2a30\">Herunterladen<\/a><\/div>\n\n\n\n<hr class=\"wp-block-separator has-alpha-channel-opacity is-style-default\"\/>\n\n\nSeite 0 mal aufgerufen in den letzten 365 Tagen.\n\n\n\n<hr class=\"wp-block-separator has-alpha-channel-opacity\"\/>\n\n\n\n<h2 class=\"wp-block-heading\">Meldungen zum Thema<\/h2>\n\n\n<div class=\"display-posts-listing grid\"><div class=\"listing-item\"><a class=\"image\" href=\"https:\/\/heimatverein-nieder-roden.de\/?p=8646\"><img decoding=\"async\" width=\"300\" height=\"172\" src=\"https:\/\/heimatverein-nieder-roden.de\/wp-content\/uploads\/2026\/04\/rodgau-meile_2015_wertgutschein-300x172.png\" class=\"attachment-medium size-medium wp-post-image\" alt=\"\" srcset=\"https:\/\/heimatverein-nieder-roden.de\/wp-content\/uploads\/2026\/04\/rodgau-meile_2015_wertgutschein-300x172.png 300w, https:\/\/heimatverein-nieder-roden.de\/wp-content\/uploads\/2026\/04\/rodgau-meile_2015_wertgutschein-768x441.png 768w, https:\/\/heimatverein-nieder-roden.de\/wp-content\/uploads\/2026\/04\/rodgau-meile_2015_wertgutschein-560x321.png 560w, https:\/\/heimatverein-nieder-roden.de\/wp-content\/uploads\/2026\/04\/rodgau-meile_2015_wertgutschein.png 819w\" sizes=\"(max-width: 300px) 100vw, 300px\" \/><\/a> <a class=\"title\" href=\"https:\/\/heimatverein-nieder-roden.de\/?p=8646\">Katalog Geldersatzmittel &#8211; Neue Version 0.3 online<\/a> <span class=\"excerpt-dash\">-<\/span> <span class=\"excerpt\">Mit diesem Katalog m\u00f6chten wir erstmals einen \u00dcberblick \u00fcber die Geldersatzmittel Rodgaus schaffen. Nachdem wir neue Zug\u00e4nge erhalten haben, k\u00f6nnen wir eine neue Version online stellen. Sie finden den Katalog in der Version 0.3 auf der Projektseite der &#8222;Schaffkibbe Numismatik&#8220;:<\/span><\/div><div class=\"listing-item\"><a class=\"image\" href=\"https:\/\/heimatverein-nieder-roden.de\/?p=7324\"><img decoding=\"async\" width=\"300\" height=\"225\" src=\"https:\/\/heimatverein-nieder-roden.de\/wp-content\/uploads\/2024\/06\/2024-06-24_AKHNR_Vortrag-NR-Geldzeichen_Foto-Kerb-Geld_ASP-300x225.jpg\" class=\"attachment-medium size-medium wp-post-image\" alt=\"\" srcset=\"https:\/\/heimatverein-nieder-roden.de\/wp-content\/uploads\/2024\/06\/2024-06-24_AKHNR_Vortrag-NR-Geldzeichen_Foto-Kerb-Geld_ASP-300x225.jpg 300w, https:\/\/heimatverein-nieder-roden.de\/wp-content\/uploads\/2024\/06\/2024-06-24_AKHNR_Vortrag-NR-Geldzeichen_Foto-Kerb-Geld_ASP-1024x768.jpg 1024w, https:\/\/heimatverein-nieder-roden.de\/wp-content\/uploads\/2024\/06\/2024-06-24_AKHNR_Vortrag-NR-Geldzeichen_Foto-Kerb-Geld_ASP-768x576.jpg 768w, https:\/\/heimatverein-nieder-roden.de\/wp-content\/uploads\/2024\/06\/2024-06-24_AKHNR_Vortrag-NR-Geldzeichen_Foto-Kerb-Geld_ASP-1536x1152.jpg 1536w, https:\/\/heimatverein-nieder-roden.de\/wp-content\/uploads\/2024\/06\/2024-06-24_AKHNR_Vortrag-NR-Geldzeichen_Foto-Kerb-Geld_ASP-2048x1536.jpg 2048w, https:\/\/heimatverein-nieder-roden.de\/wp-content\/uploads\/2024\/06\/2024-06-24_AKHNR_Vortrag-NR-Geldzeichen_Foto-Kerb-Geld_ASP-836x627.jpg 836w, https:\/\/heimatverein-nieder-roden.de\/wp-content\/uploads\/2024\/06\/2024-06-24_AKHNR_Vortrag-NR-Geldzeichen_Foto-Kerb-Geld_ASP-560x420.jpg 560w\" sizes=\"(max-width: 300px) 100vw, 300px\" \/><\/a> <a class=\"title\" href=\"https:\/\/heimatverein-nieder-roden.de\/?p=7324\">Neuflage des Vortrags: Geldzeichen aus Rodgau? &#8211; mit neuen Erkentnissen und Informationen<\/a> <span class=\"excerpt-dash\">-<\/span> <span class=\"excerpt\">Wollten Sie schon immer mal wissen, welche Geldzeichen es in Nieder-Roden gab? \nAndreas Spott (Schatzmeister des AKHR) pr\u00e4sentiert die Neuauflage seines Vortrags aus dem Juni 2024 - erg\u00e4nzt um neue Erkentnisse und Informationen!<\/span><\/div><div class=\"listing-item\"><a class=\"image\" href=\"https:\/\/heimatverein-nieder-roden.de\/?p=6966\"><img decoding=\"async\" width=\"300\" height=\"43\" src=\"https:\/\/heimatverein-nieder-roden.de\/wp-content\/uploads\/2019\/06\/Offenbach-Post_Titel_Symbolbild-300x43.png\" class=\"attachment-medium size-medium wp-post-image\" alt=\"\" srcset=\"https:\/\/heimatverein-nieder-roden.de\/wp-content\/uploads\/2019\/06\/Offenbach-Post_Titel_Symbolbild-300x43.png 300w, https:\/\/heimatverein-nieder-roden.de\/wp-content\/uploads\/2019\/06\/Offenbach-Post_Titel_Symbolbild-768x111.png 768w, https:\/\/heimatverein-nieder-roden.de\/wp-content\/uploads\/2019\/06\/Offenbach-Post_Titel_Symbolbild-1024x148.png 1024w\" sizes=\"(max-width: 300px) 100vw, 300px\" \/><\/a> <a class=\"title\" href=\"https:\/\/heimatverein-nieder-roden.de\/?p=6966\">&#8222;Ex-Banker sammelt Geld-Ersatz aus Rodgau&#8220;<\/a> <span class=\"excerpt-dash\">-<\/span> <span class=\"excerpt\">Artikel der Offenbach-Post auf OP-Online.de vom 04.07.2024. \nWir bedanken uns herzlich f\u00fcr die Berichterstattung der Presse!<\/span><\/div><div class=\"listing-item\"><a class=\"image\" href=\"https:\/\/heimatverein-nieder-roden.de\/?p=6913\"><img decoding=\"async\" width=\"300\" height=\"225\" src=\"https:\/\/heimatverein-nieder-roden.de\/wp-content\/uploads\/2024\/06\/2024-06-24_AKHNR_Vortrag-NR-Geldzeichen_Foto-Kerb-Geld_ASP-300x225.jpg\" class=\"attachment-medium size-medium wp-post-image\" alt=\"\" srcset=\"https:\/\/heimatverein-nieder-roden.de\/wp-content\/uploads\/2024\/06\/2024-06-24_AKHNR_Vortrag-NR-Geldzeichen_Foto-Kerb-Geld_ASP-300x225.jpg 300w, https:\/\/heimatverein-nieder-roden.de\/wp-content\/uploads\/2024\/06\/2024-06-24_AKHNR_Vortrag-NR-Geldzeichen_Foto-Kerb-Geld_ASP-1024x768.jpg 1024w, https:\/\/heimatverein-nieder-roden.de\/wp-content\/uploads\/2024\/06\/2024-06-24_AKHNR_Vortrag-NR-Geldzeichen_Foto-Kerb-Geld_ASP-768x576.jpg 768w, https:\/\/heimatverein-nieder-roden.de\/wp-content\/uploads\/2024\/06\/2024-06-24_AKHNR_Vortrag-NR-Geldzeichen_Foto-Kerb-Geld_ASP-1536x1152.jpg 1536w, https:\/\/heimatverein-nieder-roden.de\/wp-content\/uploads\/2024\/06\/2024-06-24_AKHNR_Vortrag-NR-Geldzeichen_Foto-Kerb-Geld_ASP-2048x1536.jpg 2048w, https:\/\/heimatverein-nieder-roden.de\/wp-content\/uploads\/2024\/06\/2024-06-24_AKHNR_Vortrag-NR-Geldzeichen_Foto-Kerb-Geld_ASP-836x627.jpg 836w, https:\/\/heimatverein-nieder-roden.de\/wp-content\/uploads\/2024\/06\/2024-06-24_AKHNR_Vortrag-NR-Geldzeichen_Foto-Kerb-Geld_ASP-560x420.jpg 560w\" sizes=\"(max-width: 300px) 100vw, 300px\" \/><\/a> <a class=\"title\" href=\"https:\/\/heimatverein-nieder-roden.de\/?p=6913\">Geldzeichen aus Rodgau? &#8211; Numismatischer Vortrag im Heimatmuseum Nieder-Roden<\/a> <span class=\"excerpt-dash\">-<\/span> <span class=\"excerpt\">Wollten Sie schon immer mal wissen, welche Geldzeichen es in Nieder-Roden gab? \nAndreas Spott (Schatzmeister des AKHR) pr\u00e4sentiert erste Forschungsergebnisse in einem kleinen Vortrag.<\/span><\/div><div class=\"listing-item\"><a class=\"image\" href=\"https:\/\/heimatverein-nieder-roden.de\/?p=1593\"><img decoding=\"async\" width=\"300\" height=\"170\" src=\"https:\/\/heimatverein-nieder-roden.de\/wp-content\/uploads\/2019\/10\/2019-10-02_AKHNR_\u00d6ffnung-2019-10_Vortrag-ASP_Titelbild_Ausschn-f\u00fcr-Webs1-300x170.png\" class=\"attachment-medium size-medium wp-post-image\" alt=\"\" srcset=\"https:\/\/heimatverein-nieder-roden.de\/wp-content\/uploads\/2019\/10\/2019-10-02_AKHNR_\u00d6ffnung-2019-10_Vortrag-ASP_Titelbild_Ausschn-f\u00fcr-Webs1-300x170.png 300w, https:\/\/heimatverein-nieder-roden.de\/wp-content\/uploads\/2019\/10\/2019-10-02_AKHNR_\u00d6ffnung-2019-10_Vortrag-ASP_Titelbild_Ausschn-f\u00fcr-Webs1-560x317.png 560w, https:\/\/heimatverein-nieder-roden.de\/wp-content\/uploads\/2019\/10\/2019-10-02_AKHNR_\u00d6ffnung-2019-10_Vortrag-ASP_Titelbild_Ausschn-f\u00fcr-Webs1.png 580w\" sizes=\"(max-width: 300px) 100vw, 300px\" \/><\/a> <a class=\"title\" href=\"https:\/\/heimatverein-nieder-roden.de\/?p=1593\">N\u00e4chste Museums\u00f6ffnung am 20. Oktober 2019 &#8211; mit Vortrag: &#8222;Luther in Nummis &#8211; eine numismatische Spurensuche&#8220;<\/a> <span class=\"excerpt-dash\">-<\/span> <span class=\"excerpt\">Am Sonntag, den 20. Oktober 2019, \u00f6ffnet das Heimatmuseum in Nieder-Roden wieder seine Tore von 14 bis 18 Uhr. \nAls besonderes Event gibt es einen Vortrag zur M\u00fcnzgeschichte!<\/span><\/div><div class=\"listing-item\"><a class=\"image\" href=\"https:\/\/heimatverein-nieder-roden.de\/?p=1692\"><img decoding=\"async\" width=\"300\" height=\"43\" src=\"https:\/\/heimatverein-nieder-roden.de\/wp-content\/uploads\/2019\/06\/Offenbach-Post_Titel_Symbolbild-300x43.png\" class=\"attachment-medium size-medium wp-post-image\" alt=\"\" srcset=\"https:\/\/heimatverein-nieder-roden.de\/wp-content\/uploads\/2019\/06\/Offenbach-Post_Titel_Symbolbild-300x43.png 300w, https:\/\/heimatverein-nieder-roden.de\/wp-content\/uploads\/2019\/06\/Offenbach-Post_Titel_Symbolbild-768x111.png 768w, https:\/\/heimatverein-nieder-roden.de\/wp-content\/uploads\/2019\/06\/Offenbach-Post_Titel_Symbolbild-1024x148.png 1024w\" sizes=\"(max-width: 300px) 100vw, 300px\" \/><\/a> <a class=\"title\" href=\"https:\/\/heimatverein-nieder-roden.de\/?p=1692\">&#8222;Numismatische Spurensuche im Heimatmuseum&#8220;<\/a> <span class=\"excerpt-dash\">-<\/span> <span class=\"excerpt\">Artikel der Offenbach-Post auf OP-Online.de vom 18.10.2019. Wir bedanken uns herzlich f\u00fcr die Berichterstattung der Presse! Klicken Sie auf das Bild und sie gelangen direkt zum Artikel! Mit freundlicher Genehmigung der Offenbach-Post!<\/span><\/div><\/div>\n","protected":false},"excerpt":{"rendered":"<p>Rodgau und sein unbekanntes Geld \u2013 Gutscheine, Wertmarken und Medaillen Auf den ersten Blick scheint die Geschichte Rodgaus mit Geld wenig zu tun zu haben. Die heutigen Stadtteile geh\u00f6rten einst zu verschiedenen Herrschaftsgebieten, besa\u00dfen aber zu keiner Zeit ein eigenes M\u00fcnzrecht. Auch in Krisenzeiten, wie nach dem Ersten Weltkrieg, sind keine lokalen Notgeld-Emissionen bekannt. Doch &hellip; <\/p>\n<p><a class=\"more-link btn\" href=\"https:\/\/heimatverein-nieder-roden.de\/?p=1692\">Weiterlesen<\/a><\/p>\n","protected":false},"author":1,"featured_media":7993,"parent":3366,"menu_order":0,"comment_status":"closed","ping_status":"closed","template":"","meta":{"_coblocks_attr":"","_coblocks_dimensions":"","_coblocks_responsive_height":"","_coblocks_accordion_ie_support":"","footnotes":""},"class_list":["post-7987","page","type-page","status-publish","has-post-thumbnail","hentry","nodate"],"publishpress_future_action":{"enabled":false,"date":"2026-05-06 21:44:40","action":"change-status","newStatus":"draft","terms":[],"taxonomy":"","extraData":[]},"publishpress_future_workflow_manual_trigger":{"enabledWorkflows":[]},"_links":{"self":[{"href":"https:\/\/heimatverein-nieder-roden.de\/index.php?rest_route=\/wp\/v2\/pages\/7987","targetHints":{"allow":["GET"]}}],"collection":[{"href":"https:\/\/heimatverein-nieder-roden.de\/index.php?rest_route=\/wp\/v2\/pages"}],"about":[{"href":"https:\/\/heimatverein-nieder-roden.de\/index.php?rest_route=\/wp\/v2\/types\/page"}],"author":[{"embeddable":true,"href":"https:\/\/heimatverein-nieder-roden.de\/index.php?rest_route=\/wp\/v2\/users\/1"}],"replies":[{"embeddable":true,"href":"https:\/\/heimatverein-nieder-roden.de\/index.php?rest_route=%2Fwp%2Fv2%2Fcomments&post=7987"}],"version-history":[{"count":7,"href":"https:\/\/heimatverein-nieder-roden.de\/index.php?rest_route=\/wp\/v2\/pages\/7987\/revisions"}],"predecessor-version":[{"id":8648,"href":"https:\/\/heimatverein-nieder-roden.de\/index.php?rest_route=\/wp\/v2\/pages\/7987\/revisions\/8648"}],"up":[{"embeddable":true,"href":"https:\/\/heimatverein-nieder-roden.de\/index.php?rest_route=\/wp\/v2\/pages\/3366"}],"wp:featuredmedia":[{"embeddable":true,"href":"https:\/\/heimatverein-nieder-roden.de\/index.php?rest_route=\/wp\/v2\/media\/7993"}],"wp:attachment":[{"href":"https:\/\/heimatverein-nieder-roden.de\/index.php?rest_route=%2Fwp%2Fv2%2Fmedia&parent=7987"}],"curies":[{"name":"wp","href":"https:\/\/api.w.org\/{rel}","templated":true}]}}