{"id":6900,"date":"2024-06-14T13:56:06","date_gmt":"2024-06-14T11:56:06","guid":{"rendered":"https:\/\/heimatverein-nieder-roden.de\/?page_id=6900"},"modified":"2024-12-05T22:58:13","modified_gmt":"2024-12-05T21:58:13","slug":"rollwald-doku","status":"publish","type":"page","link":"https:\/\/heimatverein-nieder-roden.de\/?page_id=6900","title":{"rendered":"Rollwald-Doku"},"content":{"rendered":"<div class=\"wp-block-image\">\n<figure class=\"aligncenter size-full is-resized\"><img decoding=\"async\" width=\"991\" height=\"938\" src=\"https:\/\/heimatverein-nieder-roden.de\/wp-content\/uploads\/2020\/01\/Rollwald-Dokumentation_Archiv_Logo_FST_v1.2_Var4.png\" alt=\"\" class=\"wp-image-2165\" style=\"width:511px;height:auto\" srcset=\"https:\/\/heimatverein-nieder-roden.de\/wp-content\/uploads\/2020\/01\/Rollwald-Dokumentation_Archiv_Logo_FST_v1.2_Var4.png 991w, https:\/\/heimatverein-nieder-roden.de\/wp-content\/uploads\/2020\/01\/Rollwald-Dokumentation_Archiv_Logo_FST_v1.2_Var4-300x284.png 300w, https:\/\/heimatverein-nieder-roden.de\/wp-content\/uploads\/2020\/01\/Rollwald-Dokumentation_Archiv_Logo_FST_v1.2_Var4-768x727.png 768w, https:\/\/heimatverein-nieder-roden.de\/wp-content\/uploads\/2020\/01\/Rollwald-Dokumentation_Archiv_Logo_FST_v1.2_Var4-560x530.png 560w\" sizes=\"(max-width: 991px) 100vw, 991px\" \/><figcaption class=\"wp-element-caption\">Logo des Archivs der &#8222;Rollwald-Dokumentation&#8220; &#8211; \u00a9 Werner Stolzenburg<\/figcaption><\/figure>\n<\/div>\n\n\n<p>Die Rollwald-Dokumentation unseres Mitglieds Werner Stolzenburg beherbergt die umfangreichste Sammlung von Dokumenten, Bilder und anderen Medien zur Geschichte des Nieder-R\u00f6der Ortsteils Rollwald.<\/p>\n\n\n\n<p>F\u00fcr alle Fragen steht Werner Stolzenburg gerne zur Verf\u00fcgung.<\/p>\n\n\n\n<p>Sie erreichen Ihn \u00fcber folgendes Postfach:<\/p>\n\n\n\n<p class=\"has-text-align-center\"><a href=\"mailto:rollwald-doku@heimatverein-nieder-roden.de\">rollwald-doku@heimatverein-nieder-roden.de<\/a><\/p>\n\n\n\n<hr class=\"wp-block-separator has-alpha-channel-opacity\"\/>\n\n\n\n<h2 class=\"wp-block-heading\">Rollw\u00e4lder Meldungen<\/h2>\n\n\n<div class=\"display-posts-listing grid\"><div class=\"listing-item\"><a class=\"image\" href=\"https:\/\/heimatverein-nieder-roden.de\/?p=8286\"><img decoding=\"async\" width=\"300\" height=\"195\" src=\"https:\/\/heimatverein-nieder-roden.de\/wp-content\/uploads\/2025\/09\/image-2-300x195.png\" class=\"attachment-medium size-medium wp-post-image\" alt=\"\" srcset=\"https:\/\/heimatverein-nieder-roden.de\/wp-content\/uploads\/2025\/09\/image-2-300x195.png 300w, https:\/\/heimatverein-nieder-roden.de\/wp-content\/uploads\/2025\/09\/image-2.png 550w\" sizes=\"(max-width: 300px) 100vw, 300px\" \/><\/a> <a class=\"title\" href=\"https:\/\/heimatverein-nieder-roden.de\/?p=8286\">Kelterfest 4.x &#8211; am Tag der Deutschen Einheit<\/a> <span class=\"excerpt-dash\">-<\/span> <span class=\"excerpt\">\u00a0Vier Vereine laden ein Text NABU Rodgau Sie haben am 3. Oktober noch nichts vor? Dann kommen Sie zum Vereinsgel\u00e4nde am Rollwald und genie\u00dfen Sie einen Tag voller Spa\u00df, Natur und Gemeinschaft! Nach dem gro\u00dfen Erfolg in den vergangenen Jahren feiern die vier Vereine NABU Rodgau, Sch\u00fctzenverein Gamsbock, Verein f\u00fcr Deutsche Sch\u00e4ferhunde und die Pfadfinder &hellip; <\/p><p><a class=\"more-link btn\" href=\"https:\/\/heimatverein-nieder-roden.de\/?p=8286\">Weiterlesen<\/a><\/span><\/div><div class=\"listing-item\"><a class=\"image\" href=\"https:\/\/heimatverein-nieder-roden.de\/?p=7835\"><img decoding=\"async\" width=\"212\" height=\"300\" src=\"https:\/\/heimatverein-nieder-roden.de\/wp-content\/uploads\/2024\/12\/Gluehwein-Express-Rollwald_2024-12-15_Plakat-212x300.jpg\" class=\"attachment-medium size-medium wp-post-image\" alt=\"\" srcset=\"https:\/\/heimatverein-nieder-roden.de\/wp-content\/uploads\/2024\/12\/Gluehwein-Express-Rollwald_2024-12-15_Plakat-212x300.jpg 212w, https:\/\/heimatverein-nieder-roden.de\/wp-content\/uploads\/2024\/12\/Gluehwein-Express-Rollwald_2024-12-15_Plakat-724x1024.jpg 724w, https:\/\/heimatverein-nieder-roden.de\/wp-content\/uploads\/2024\/12\/Gluehwein-Express-Rollwald_2024-12-15_Plakat-768x1087.jpg 768w, https:\/\/heimatverein-nieder-roden.de\/wp-content\/uploads\/2024\/12\/Gluehwein-Express-Rollwald_2024-12-15_Plakat-836x1183.jpg 836w, https:\/\/heimatverein-nieder-roden.de\/wp-content\/uploads\/2024\/12\/Gluehwein-Express-Rollwald_2024-12-15_Plakat-560x792.jpg 560w, https:\/\/heimatverein-nieder-roden.de\/wp-content\/uploads\/2024\/12\/Gluehwein-Express-Rollwald_2024-12-15_Plakat.jpg 909w\" sizes=\"(max-width: 212px) 100vw, 212px\" \/><\/a> <a class=\"title\" href=\"https:\/\/heimatverein-nieder-roden.de\/?p=7835\">Rollw\u00e4lder Gl\u00fchwein-Express rollt wieder<\/a> <span class=\"excerpt-dash\">-<\/span> <span class=\"excerpt\">In Rollwald gibt\u2019s wieder Gl\u00fchwein an der Haust\u00fcr Wenn die Menschen nicht zum Gl\u00fchwein an die weihnachtlichen St\u00e4nde der Adventsm\u00e4rkte kommen k\u00f6nnen, dann kommt der Gl\u00fchwein zu den Menschen. Unter diesem Motto hob der Rollwaldkreis in der \u201eCorona-Zeit\u201c den Gl\u00fchwein-Express aus der Taufe und erfreute damit viele Menschen in Rollwald und hatte selbst riesigen Spa\u00df &hellip; <\/p><p><a class=\"more-link btn\" href=\"https:\/\/heimatverein-nieder-roden.de\/?p=7835\">Weiterlesen<\/a><\/span><\/div><div class=\"listing-item\"><a class=\"image\" href=\"https:\/\/heimatverein-nieder-roden.de\/?p=7694\"><img decoding=\"async\" width=\"300\" height=\"200\" src=\"https:\/\/heimatverein-nieder-roden.de\/wp-content\/uploads\/2024\/11\/2023-11-19_munaVeRo_Lager-Rollwald_Gedenkfeier-2023_1-300x200.jpg\" class=\"attachment-medium size-medium wp-post-image\" alt=\"\" srcset=\"https:\/\/heimatverein-nieder-roden.de\/wp-content\/uploads\/2024\/11\/2023-11-19_munaVeRo_Lager-Rollwald_Gedenkfeier-2023_1-300x200.jpg 300w, https:\/\/heimatverein-nieder-roden.de\/wp-content\/uploads\/2024\/11\/2023-11-19_munaVeRo_Lager-Rollwald_Gedenkfeier-2023_1-1024x682.jpg 1024w, https:\/\/heimatverein-nieder-roden.de\/wp-content\/uploads\/2024\/11\/2023-11-19_munaVeRo_Lager-Rollwald_Gedenkfeier-2023_1-768x512.jpg 768w, https:\/\/heimatverein-nieder-roden.de\/wp-content\/uploads\/2024\/11\/2023-11-19_munaVeRo_Lager-Rollwald_Gedenkfeier-2023_1-836x557.jpg 836w, https:\/\/heimatverein-nieder-roden.de\/wp-content\/uploads\/2024\/11\/2023-11-19_munaVeRo_Lager-Rollwald_Gedenkfeier-2023_1-560x373.jpg 560w, https:\/\/heimatverein-nieder-roden.de\/wp-content\/uploads\/2024\/11\/2023-11-19_munaVeRo_Lager-Rollwald_Gedenkfeier-2023_1-272x182.jpg 272w, https:\/\/heimatverein-nieder-roden.de\/wp-content\/uploads\/2024\/11\/2023-11-19_munaVeRo_Lager-Rollwald_Gedenkfeier-2023_1.jpg 1280w\" sizes=\"(max-width: 300px) 100vw, 300px\" \/><\/a> <a class=\"title\" href=\"https:\/\/heimatverein-nieder-roden.de\/?p=7694\">Lager Rollwald &#8211; Erinnerung und Mahnung zum Volkstrauertag &#8211; 17. November<\/a> <span class=\"excerpt-dash\">-<\/span> <span class=\"excerpt\">Die Arbeitsgruppe Rollwald, beim Verein f\u00fcr multinationale Verst\u00e4ndigung Rodgau e. V. (munaVeRo), l\u00e4dt herzlich ein, zur diesj\u00e4hrigen Gedenkfeier f\u00fcr die Verstorbenen und Opfer ungerechter Verurteilung im ehemaligen NS-Strafgefangenenlager Rollwald. Sie findet statt, am Volkstrauertag, Sonntag, dem 17. November 2024 um 14:00 Uhr, an der Gedenkst\u00e4tte in Nieder- Roden\/Rollwald am Ende der Rh\u00f6nstra\u00dfe. Die Ansprache h\u00e4lt &hellip; <\/p><p><a class=\"more-link btn\" href=\"https:\/\/heimatverein-nieder-roden.de\/?p=7694\">Weiterlesen<\/a><\/span><\/div><div class=\"listing-item\"><a class=\"image\" href=\"https:\/\/heimatverein-nieder-roden.de\/?p=7540\"><img decoding=\"async\" width=\"212\" height=\"300\" src=\"https:\/\/heimatverein-nieder-roden.de\/wp-content\/uploads\/2024\/09\/2024-10-03_Kelterfest-4.2_Plakat_Q50-212x300.jpg\" class=\"attachment-medium size-medium wp-post-image\" alt=\"\" srcset=\"https:\/\/heimatverein-nieder-roden.de\/wp-content\/uploads\/2024\/09\/2024-10-03_Kelterfest-4.2_Plakat_Q50-212x300.jpg 212w, https:\/\/heimatverein-nieder-roden.de\/wp-content\/uploads\/2024\/09\/2024-10-03_Kelterfest-4.2_Plakat_Q50-725x1024.jpg 725w, https:\/\/heimatverein-nieder-roden.de\/wp-content\/uploads\/2024\/09\/2024-10-03_Kelterfest-4.2_Plakat_Q50-768x1085.jpg 768w, https:\/\/heimatverein-nieder-roden.de\/wp-content\/uploads\/2024\/09\/2024-10-03_Kelterfest-4.2_Plakat_Q50-836x1181.jpg 836w, https:\/\/heimatverein-nieder-roden.de\/wp-content\/uploads\/2024\/09\/2024-10-03_Kelterfest-4.2_Plakat_Q50-560x791.jpg 560w, https:\/\/heimatverein-nieder-roden.de\/wp-content\/uploads\/2024\/09\/2024-10-03_Kelterfest-4.2_Plakat_Q50.jpg 906w\" sizes=\"(max-width: 212px) 100vw, 212px\" \/><\/a> <a class=\"title\" href=\"https:\/\/heimatverein-nieder-roden.de\/?p=7540\">Tag der offenen T\u00fcr und Kelterfest 4.2.<\/a> <span class=\"excerpt-dash\">-<\/span> <span class=\"excerpt\">\u00a0Vier Vereine machen gemeinsame Sache Am Tag der deutschen Einheit \u00f6ffnen die vier Vereine ihre Gel\u00e4nde f\u00fcr G\u00e4ste und Besucher. Der Sch\u00fctzenclub Gamsbock, die Pfadfinder Nieder-Roden, der Verein Deutscher Sch\u00e4ferhunde Ortsgruppe Nieder-Roden und der Naturschutzbund Rodgau (NABU) haben ihren Stammsitz am Vereinsgel\u00e4nde Rollwald. Das Quartett l\u00e4dt am 3. Oktober ab 12 Uhr bis 17 Uhr &hellip; <\/p><p><a class=\"more-link btn\" href=\"https:\/\/heimatverein-nieder-roden.de\/?p=7540\">Weiterlesen<\/a><\/span><\/div><div class=\"listing-item\"><a class=\"image\" href=\"https:\/\/heimatverein-nieder-roden.de\/?p=6959\"><img decoding=\"async\" width=\"214\" height=\"300\" src=\"https:\/\/heimatverein-nieder-roden.de\/wp-content\/uploads\/2024\/07\/2024_Funzelfest_Plakat_400Prz_bearb_1920px-214x300.jpg\" class=\"attachment-medium size-medium wp-post-image\" alt=\"\" srcset=\"https:\/\/heimatverein-nieder-roden.de\/wp-content\/uploads\/2024\/07\/2024_Funzelfest_Plakat_400Prz_bearb_1920px-214x300.jpg 214w, https:\/\/heimatverein-nieder-roden.de\/wp-content\/uploads\/2024\/07\/2024_Funzelfest_Plakat_400Prz_bearb_1920px-730x1024.jpg 730w, https:\/\/heimatverein-nieder-roden.de\/wp-content\/uploads\/2024\/07\/2024_Funzelfest_Plakat_400Prz_bearb_1920px-768x1078.jpg 768w, https:\/\/heimatverein-nieder-roden.de\/wp-content\/uploads\/2024\/07\/2024_Funzelfest_Plakat_400Prz_bearb_1920px-1094x1536.jpg 1094w, https:\/\/heimatverein-nieder-roden.de\/wp-content\/uploads\/2024\/07\/2024_Funzelfest_Plakat_400Prz_bearb_1920px-1459x2048.jpg 1459w, https:\/\/heimatverein-nieder-roden.de\/wp-content\/uploads\/2024\/07\/2024_Funzelfest_Plakat_400Prz_bearb_1920px-836x1173.jpg 836w, https:\/\/heimatverein-nieder-roden.de\/wp-content\/uploads\/2024\/07\/2024_Funzelfest_Plakat_400Prz_bearb_1920px-560x786.jpg 560w, https:\/\/heimatverein-nieder-roden.de\/wp-content\/uploads\/2024\/07\/2024_Funzelfest_Plakat_400Prz_bearb_1920px-scaled.jpg 1824w\" sizes=\"(max-width: 214px) 100vw, 214px\" \/><\/a> <a class=\"title\" href=\"https:\/\/heimatverein-nieder-roden.de\/?p=6959\">Rollw\u00e4lder Funzelfest 2024<\/a> <span class=\"excerpt-dash\">-<\/span> <span class=\"excerpt\">am Samstag, den 31. August 2024, ab 19:00 Uhr im Rollw\u00e4lder Kirchgarten.<\/span><\/div><div class=\"listing-item\"><a class=\"image\" href=\"https:\/\/heimatverein-nieder-roden.de\/?p=6700\"><img decoding=\"async\" width=\"300\" height=\"204\" src=\"https:\/\/heimatverein-nieder-roden.de\/wp-content\/uploads\/2024\/04\/grafik-1-300x204.png\" class=\"attachment-medium size-medium wp-post-image\" alt=\"\" srcset=\"https:\/\/heimatverein-nieder-roden.de\/wp-content\/uploads\/2024\/04\/grafik-1-300x204.png 300w, https:\/\/heimatverein-nieder-roden.de\/wp-content\/uploads\/2024\/04\/grafik-1-1024x697.png 1024w, https:\/\/heimatverein-nieder-roden.de\/wp-content\/uploads\/2024\/04\/grafik-1-768x523.png 768w, https:\/\/heimatverein-nieder-roden.de\/wp-content\/uploads\/2024\/04\/grafik-1-1536x1046.png 1536w, https:\/\/heimatverein-nieder-roden.de\/wp-content\/uploads\/2024\/04\/grafik-1-2048x1395.png 2048w, https:\/\/heimatverein-nieder-roden.de\/wp-content\/uploads\/2024\/04\/grafik-1-836x569.png 836w, https:\/\/heimatverein-nieder-roden.de\/wp-content\/uploads\/2024\/04\/grafik-1-560x381.png 560w\" sizes=\"(max-width: 300px) 100vw, 300px\" \/><\/a> <a class=\"title\" href=\"https:\/\/heimatverein-nieder-roden.de\/?p=6700\">&#8222;70 Jahre Sch\u00fctzenclub Gamsbock&#8220;<\/a> <span class=\"excerpt-dash\">-<\/span> <span class=\"excerpt\">Thema der Jahresausstellung 2024<\/span><\/div><div class=\"listing-item\"><a class=\"image\" href=\"https:\/\/heimatverein-nieder-roden.de\/?p=6384\"><img decoding=\"async\" width=\"300\" height=\"203\" src=\"https:\/\/heimatverein-nieder-roden.de\/wp-content\/uploads\/2024\/01\/2021-12-31_AKHNR_Eingang-zur-Heilig-Kreuz-Kirche-Rollwald_Kalender2023-01_EGE_IMG_7552-300x203.jpg\" class=\"attachment-medium size-medium wp-post-image\" alt=\"\" srcset=\"https:\/\/heimatverein-nieder-roden.de\/wp-content\/uploads\/2024\/01\/2021-12-31_AKHNR_Eingang-zur-Heilig-Kreuz-Kirche-Rollwald_Kalender2023-01_EGE_IMG_7552-300x203.jpg 300w, https:\/\/heimatverein-nieder-roden.de\/wp-content\/uploads\/2024\/01\/2021-12-31_AKHNR_Eingang-zur-Heilig-Kreuz-Kirche-Rollwald_Kalender2023-01_EGE_IMG_7552-1024x692.jpg 1024w, https:\/\/heimatverein-nieder-roden.de\/wp-content\/uploads\/2024\/01\/2021-12-31_AKHNR_Eingang-zur-Heilig-Kreuz-Kirche-Rollwald_Kalender2023-01_EGE_IMG_7552-768x519.jpg 768w, https:\/\/heimatverein-nieder-roden.de\/wp-content\/uploads\/2024\/01\/2021-12-31_AKHNR_Eingang-zur-Heilig-Kreuz-Kirche-Rollwald_Kalender2023-01_EGE_IMG_7552-1536x1038.jpg 1536w, https:\/\/heimatverein-nieder-roden.de\/wp-content\/uploads\/2024\/01\/2021-12-31_AKHNR_Eingang-zur-Heilig-Kreuz-Kirche-Rollwald_Kalender2023-01_EGE_IMG_7552-2048x1384.jpg 2048w, https:\/\/heimatverein-nieder-roden.de\/wp-content\/uploads\/2024\/01\/2021-12-31_AKHNR_Eingang-zur-Heilig-Kreuz-Kirche-Rollwald_Kalender2023-01_EGE_IMG_7552-836x565.jpg 836w, https:\/\/heimatverein-nieder-roden.de\/wp-content\/uploads\/2024\/01\/2021-12-31_AKHNR_Eingang-zur-Heilig-Kreuz-Kirche-Rollwald_Kalender2023-01_EGE_IMG_7552-560x378.jpg 560w\" sizes=\"(max-width: 300px) 100vw, 300px\" \/><\/a> <a class=\"title\" href=\"https:\/\/heimatverein-nieder-roden.de\/?p=6384\">Nieder-Roden in Bildern &#8211; Folge 93<\/a><\/div><div class=\"listing-item\"><a class=\"image\" href=\"https:\/\/heimatverein-nieder-roden.de\/?p=6404\"><img decoding=\"async\" width=\"300\" height=\"177\" src=\"https:\/\/heimatverein-nieder-roden.de\/wp-content\/uploads\/2024\/01\/grafik-1-300x177.png\" class=\"attachment-medium size-medium wp-post-image\" alt=\"\" srcset=\"https:\/\/heimatverein-nieder-roden.de\/wp-content\/uploads\/2024\/01\/grafik-1-300x177.png 300w, https:\/\/heimatverein-nieder-roden.de\/wp-content\/uploads\/2024\/01\/grafik-1-768x452.png 768w, https:\/\/heimatverein-nieder-roden.de\/wp-content\/uploads\/2024\/01\/grafik-1-836x492.png 836w, https:\/\/heimatverein-nieder-roden.de\/wp-content\/uploads\/2024\/01\/grafik-1-560x330.png 560w, https:\/\/heimatverein-nieder-roden.de\/wp-content\/uploads\/2024\/01\/grafik-1.png 1024w\" sizes=\"(max-width: 300px) 100vw, 300px\" \/><\/a> <a class=\"title\" href=\"https:\/\/heimatverein-nieder-roden.de\/?p=6404\">&#8222;Rollwald feiert Tannenfest&#8220;<\/a> <span class=\"excerpt-dash\">-<\/span> <span class=\"excerpt\">Artikel der Offenbach-Post auf OP-Online.de vom 12.01.2024 \nWir bedanken uns herzlich f\u00fcr die Berichterstattung der Presse!<\/span><\/div><div class=\"listing-item\"><a class=\"image\" href=\"https:\/\/heimatverein-nieder-roden.de\/?p=6295\"><img decoding=\"async\" width=\"300\" height=\"81\" src=\"https:\/\/heimatverein-nieder-roden.de\/wp-content\/uploads\/2023\/12\/2023-12-13_Rollwald_Tannenfest-2023-12-30_SaveTheDate-Plakat_Web-Slider2-300x81.jpg\" class=\"attachment-medium size-medium wp-post-image\" alt=\"\" srcset=\"https:\/\/heimatverein-nieder-roden.de\/wp-content\/uploads\/2023\/12\/2023-12-13_Rollwald_Tannenfest-2023-12-30_SaveTheDate-Plakat_Web-Slider2-300x81.jpg 300w, https:\/\/heimatverein-nieder-roden.de\/wp-content\/uploads\/2023\/12\/2023-12-13_Rollwald_Tannenfest-2023-12-30_SaveTheDate-Plakat_Web-Slider2-1024x275.jpg 1024w, https:\/\/heimatverein-nieder-roden.de\/wp-content\/uploads\/2023\/12\/2023-12-13_Rollwald_Tannenfest-2023-12-30_SaveTheDate-Plakat_Web-Slider2-768x206.jpg 768w, https:\/\/heimatverein-nieder-roden.de\/wp-content\/uploads\/2023\/12\/2023-12-13_Rollwald_Tannenfest-2023-12-30_SaveTheDate-Plakat_Web-Slider2-836x224.jpg 836w, https:\/\/heimatverein-nieder-roden.de\/wp-content\/uploads\/2023\/12\/2023-12-13_Rollwald_Tannenfest-2023-12-30_SaveTheDate-Plakat_Web-Slider2-560x150.jpg 560w, https:\/\/heimatverein-nieder-roden.de\/wp-content\/uploads\/2023\/12\/2023-12-13_Rollwald_Tannenfest-2023-12-30_SaveTheDate-Plakat_Web-Slider2.jpg 1080w\" sizes=\"(max-width: 300px) 100vw, 300px\" \/><\/a> <a class=\"title\" href=\"https:\/\/heimatverein-nieder-roden.de\/?p=6295\">Tannenfest im Rollwald zum Jahresausklang<\/a> <span class=\"excerpt-dash\">-<\/span> <span class=\"excerpt\">Am 30. Dezember sind alle Interessierten eingeladen das Jahr beim Tannenfest am Rollw\u00e4lder Ortseingang gemeinsam ausklingen zu lassen. Beim Tannenfest des F\u00f6rdervereins Villa Kunterbunt e. V. an der Rollwaldtanne Ecke Isarstra\u00dfe\/Am Rollwald gibt es \u00fcberdachte Sitzpl\u00e4tze und einen Spielbereich f\u00fcr Kinder. Tannenfest 30. Dezember 2023 16:00 &#8211; 21:00 Uhr Rollwald, Isarstra\u00dfe\/Am Rollwald Au\u00dferdem gibt es &hellip; <\/p><p><a class=\"more-link btn\" href=\"https:\/\/heimatverein-nieder-roden.de\/?p=6295\">Weiterlesen<\/a><\/span><\/div><div class=\"listing-item\"><a class=\"image\" href=\"https:\/\/heimatverein-nieder-roden.de\/?p=6339\"><img decoding=\"async\" width=\"300\" height=\"43\" src=\"https:\/\/heimatverein-nieder-roden.de\/wp-content\/uploads\/2019\/06\/Offenbach-Post_Titel_Symbolbild-300x43.png\" class=\"attachment-medium size-medium wp-post-image\" alt=\"\" srcset=\"https:\/\/heimatverein-nieder-roden.de\/wp-content\/uploads\/2019\/06\/Offenbach-Post_Titel_Symbolbild-300x43.png 300w, https:\/\/heimatverein-nieder-roden.de\/wp-content\/uploads\/2019\/06\/Offenbach-Post_Titel_Symbolbild-768x111.png 768w, https:\/\/heimatverein-nieder-roden.de\/wp-content\/uploads\/2019\/06\/Offenbach-Post_Titel_Symbolbild-1024x148.png 1024w\" sizes=\"(max-width: 300px) 100vw, 300px\" \/><\/a> <a class=\"title\" href=\"https:\/\/heimatverein-nieder-roden.de\/?p=6339\">&#8222;Rollwald: B\u00fcrger sind gefragt&#8220;<\/a> <span class=\"excerpt-dash\">-<\/span> <span class=\"excerpt\">Artikel der Offenbach-Post auf OP-Online.de vom 08.12.2023. \nWir bedanken uns herzlich f\u00fcr die Berichterstattung der Presse!<\/span><\/div><\/div>\n","protected":false},"excerpt":{"rendered":"<p>Die Rollwald-Dokumentation unseres Mitglieds Werner Stolzenburg beherbergt die umfangreichste Sammlung von Dokumenten, Bilder und anderen Medien zur Geschichte des Nieder-R\u00f6der Ortsteils Rollwald. F\u00fcr alle Fragen steht Werner Stolzenburg gerne zur Verf\u00fcgung. Sie erreichen Ihn \u00fcber folgendes Postfach: rollwald-doku@heimatverein-nieder-roden.de Rollw\u00e4lder Meldungen<\/p><p><a class=\"more-link btn\" href=\"https:\/\/heimatverein-nieder-roden.de\/?p=6339\">Weiterlesen<\/a><\/p>\n","protected":false},"author":1,"featured_media":2165,"parent":0,"menu_order":0,"comment_status":"closed","ping_status":"closed","template":"","meta":{"_coblocks_attr":"","_coblocks_dimensions":"","_coblocks_responsive_height":"","_coblocks_accordion_ie_support":"","footnotes":""},"class_list":["post-6900","page","type-page","status-publish","has-post-thumbnail","hentry","nodate"],"publishpress_future_action":{"enabled":false,"date":"2026-05-09 19:20:03","action":"change-status","newStatus":"draft","terms":[],"taxonomy":"","extraData":[]},"publishpress_future_workflow_manual_trigger":{"enabledWorkflows":[]},"_links":{"self":[{"href":"https:\/\/heimatverein-nieder-roden.de\/index.php?rest_route=\/wp\/v2\/pages\/6900","targetHints":{"allow":["GET"]}}],"collection":[{"href":"https:\/\/heimatverein-nieder-roden.de\/index.php?rest_route=\/wp\/v2\/pages"}],"about":[{"href":"https:\/\/heimatverein-nieder-roden.de\/index.php?rest_route=\/wp\/v2\/types\/page"}],"author":[{"embeddable":true,"href":"https:\/\/heimatverein-nieder-roden.de\/index.php?rest_route=\/wp\/v2\/users\/1"}],"replies":[{"embeddable":true,"href":"https:\/\/heimatverein-nieder-roden.de\/index.php?rest_route=%2Fwp%2Fv2%2Fcomments&post=6900"}],"version-history":[{"count":4,"href":"https:\/\/heimatverein-nieder-roden.de\/index.php?rest_route=\/wp\/v2\/pages\/6900\/revisions"}],"predecessor-version":[{"id":7909,"href":"https:\/\/heimatverein-nieder-roden.de\/index.php?rest_route=\/wp\/v2\/pages\/6900\/revisions\/7909"}],"wp:featuredmedia":[{"embeddable":true,"href":"https:\/\/heimatverein-nieder-roden.de\/index.php?rest_route=\/wp\/v2\/media\/2165"}],"wp:attachment":[{"href":"https:\/\/heimatverein-nieder-roden.de\/index.php?rest_route=%2Fwp%2Fv2%2Fmedia&parent=6900"}],"curies":[{"name":"wp","href":"https:\/\/api.w.org\/{rel}","templated":true}]}}